CRAN Package Check Results for Package bamp

Last updated on 2025-11-12 02:52:51 CET.

Flavor Version Tinstall Tcheck Ttotal Status Flags
r-devel-linux-x86_64-debian-clang 2.1.3 13.38 36.74 50.12 NOTE
r-devel-linux-x86_64-debian-gcc 2.1.3 8.74 28.00 36.74 NOTE
r-devel-linux-x86_64-fedora-clang 2.1.3 38.00 47.19 85.19 OK
r-devel-linux-x86_64-fedora-gcc 2.1.3 28.00 61.89 89.89 OK
r-devel-windows-x86_64 2.1.3 20.00 61.00 81.00 OK
r-patched-linux-x86_64 2.1.3 12.09 34.79 46.88 OK
r-release-linux-x86_64 2.1.3 11.91 34.93 46.84 OK
r-release-macos-arm64 2.1.3 7.00 28.00 35.00 OK
r-release-macos-x86_64 2.1.3 15.00 56.00 71.00 OK
r-release-windows-x86_64 2.1.3 21.00 59.00 80.00 OK
r-oldrel-macos-arm64 2.1.3 7.00 32.00 39.00 OK
r-oldrel-macos-x86_64 2.1.3 6.00 45.00 51.00 OK
r-oldrel-windows-x86_64 2.1.3 20.00 70.00 90.00 OK

Check Details

Version: 2.1.3
Check: CRAN incoming feasibility
Result: NOTE Maintainer: ‘Volker Schmid <volker.schmid@lmu.de>’ Package CITATION file contains call(s) to old-style personList() or as.personList(). Please use c() on person objects instead. Package CITATION file contains call(s) to old-style citEntry(). Please use bibentry() instead. Flavors: r-devel-linux-x86_64-debian-clang, r-devel-linux-x86_64-debian-gcc