Last updated on 2024-03-28 01:53:51 CET.
Flavor | Version | Tinstall | Tcheck | Ttotal | Status | Flags |
---|---|---|---|---|---|---|
r-devel-linux-x86_64-debian-clang | 1.0.0 | 41.10 | 356.69 | 397.79 | OK | |
r-devel-linux-x86_64-debian-gcc | 1.0.0 | 30.76 | 256.58 | 287.34 | OK | |
r-devel-linux-x86_64-fedora-clang | 1.0.0 | 517.26 | NOTE | |||
r-devel-linux-x86_64-fedora-gcc | 1.0.0 | 497.97 | OK | |||
r-devel-windows-x86_64 | 1.0.0 | 29.00 | 217.00 | 246.00 | NOTE | |
r-patched-linux-x86_64 | 1.0.0 | 26.21 | 339.87 | 366.08 | OK | |
r-release-linux-x86_64 | 1.0.0 | 23.68 | 342.50 | 366.18 | OK | |
r-release-macos-arm64 | 1.0.0 | 150.00 | NOTE | |||
r-release-macos-x86_64 | 1.0.0 | 235.00 | NOTE | |||
r-release-windows-x86_64 | 1.0.0 | 42.00 | 301.00 | 343.00 | NOTE | |
r-oldrel-macos-arm64 | 1.0.0 | 124.00 | NOTE | |||
r-oldrel-windows-x86_64 | 1.0.0 | 45.00 | 296.00 | 341.00 | NOTE |
Version: 1.0.0
Check: installed package size
Result: NOTE
installed size is 5.6Mb
sub-directories of 1Mb or more:
data 4.7Mb
Flavors: r-devel-linux-x86_64-fedora-clang, r-devel-windows-x86_64, r-release-macos-arm64, r-release-macos-x86_64, r-release-windows-x86_64, r-oldrel-macos-arm64, r-oldrel-windows-x86_64