Last updated on 2024-08-16 01:48:13 CEST.
Flavor | Version | Tinstall | Tcheck | Ttotal | Status | Flags |
---|---|---|---|---|---|---|
r-devel-linux-x86_64-debian-clang | 0.9.0 | 2.90 | 29.68 | 32.58 | OK | |
r-devel-linux-x86_64-debian-gcc | 0.9.0 | 2.16 | 22.77 | 24.93 | OK | |
r-devel-linux-x86_64-fedora-clang | 0.9.0 | 51.92 | NOTE | |||
r-devel-linux-x86_64-fedora-gcc | 0.9.0 | 48.95 | NOTE | |||
r-devel-windows-x86_64 | 0.9.0 | 5.00 | 49.00 | 54.00 | OK | |
r-patched-linux-x86_64 | 0.9.0 | 2.75 | 27.66 | 30.41 | OK | |
r-release-linux-x86_64 | 0.9.0 | 2.81 | 28.22 | 31.03 | OK | |
r-release-macos-arm64 | 0.9.0 | 20.00 | OK | |||
r-release-macos-x86_64 | 0.9.0 | 32.00 | OK | |||
r-release-windows-x86_64 | 0.9.0 | 5.00 | 49.00 | 54.00 | OK | |
r-oldrel-macos-arm64 | 0.9.0 | 21.00 | OK | |||
r-oldrel-macos-x86_64 | 0.9.0 | 23.00 | OK | |||
r-oldrel-windows-x86_64 | 0.9.0 | 6.00 | 53.00 | 59.00 | OK |
Version: 0.9.0
Check: data for non-ASCII characters
Result: NOTE
Note: found 148 marked UTF-8 strings
Flavors: r-devel-linux-x86_64-fedora-clang, r-devel-linux-x86_64-fedora-gcc