Last updated on 2025-05-02 01:51:50 CEST.
Flavor | Version | Tinstall | Tcheck | Ttotal | Status | Flags |
---|---|---|---|---|---|---|
r-devel-linux-x86_64-debian-clang | 1.1 | 27.54 | 263.21 | 290.75 | NOTE | |
r-devel-linux-x86_64-debian-gcc | 1.1 | 22.28 | 187.25 | 209.53 | NOTE | |
r-devel-linux-x86_64-fedora-clang | 1.1 | 507.55 | OK | |||
r-devel-linux-x86_64-fedora-gcc | 1.1 | 449.04 | OK | |||
r-devel-windows-x86_64 | 1.1 | 5.00 | 4.00 | 9.00 | ERROR | |
r-patched-linux-x86_64 | 1.1 | 30.35 | 256.87 | 287.22 | OK | |
r-release-linux-x86_64 | OK | |||||
r-release-macos-arm64 | 1.1 | 231.00 | OK | |||
r-release-macos-x86_64 | 1.1 | 300.00 | OK | |||
r-release-windows-x86_64 | 1.1 | 4.00 | 5.00 | 9.00 | ERROR | |
r-oldrel-macos-arm64 | 1.1 | 122.00 | OK | |||
r-oldrel-macos-x86_64 | 1.1 | 197.00 | OK | |||
r-oldrel-windows-x86_64 | 1.1 | 38.00 | 331.00 | 369.00 | OK |
Version: 1.1
Check: CRAN incoming feasibility
Result: NOTE
Maintainer: ‘Roman Hornung <hornung@ibe.med.uni-muenchen.de>’
No Authors@R field in DESCRIPTION.
Please add one, modifying
Authors@R: c(person(given = "Roman",
family = "Hornung",
role = c("aut", "cre"),
email = "hornung@ibe.med.uni-muenchen.de"),
person(given = "David",
family = "Causeur",
role = "aut"))
as necessary.
Package CITATION file contains call(s) to old-style citEntry(). Please
use bibentry() instead.
Flavors: r-devel-linux-x86_64-debian-clang, r-devel-linux-x86_64-debian-gcc
Version: 1.1
Check: whether package can be installed
Result: ERROR
Installation failed.
Flavors: r-devel-windows-x86_64, r-release-windows-x86_64