Last updated on 2024-04-24 01:52:04 CEST.
Flavor | Version | Tinstall | Tcheck | Ttotal | Status | Flags |
---|---|---|---|---|---|---|
r-devel-linux-x86_64-debian-clang | 1.0-6 | 9.25 | 84.24 | 93.49 | NOTE | |
r-devel-linux-x86_64-debian-gcc | 1.0-6 | 5.58 | 58.07 | 63.65 | NOTE | |
r-devel-linux-x86_64-fedora-clang | 1.0-6 | 112.25 | NOTE | |||
r-devel-linux-x86_64-fedora-gcc | 1.0-6 | 106.32 | NOTE | |||
r-prerel-macos-arm64 | 1.0-6 | 32.00 | NOTE | |||
r-prerel-windows-x86_64 | 1.0-6 | 6.00 | 72.00 | 78.00 | NOTE | |
r-patched-linux-x86_64 | 1.0-6 | 8.48 | 77.08 | 85.56 | NOTE | |
r-release-linux-x86_64 | 1.0-6 | 7.59 | 80.09 | 87.68 | OK | |
r-release-macos-arm64 | 1.0-6 | 37.00 | OK | |||
r-release-macos-x86_64 | 1.0-6 | 53.00 | OK | |||
r-release-windows-x86_64 | 1.0-6 | 9.00 | 82.00 | 91.00 | OK | |
r-oldrel-macos-arm64 | 1.0-6 | 36.00 | OK | |||
r-oldrel-windows-x86_64 | 1.0-6 | 8.00 | 87.00 | 95.00 | OK |
Version: 1.0-6
Check: Rd files
Result: NOTE
checkRd: (-1) plot.Rd:61: Lost braces
61 | Argument to code{\link{hist}}.
| ^
checkRd: (-1) plot.Rd:126-128: Lost braces in \itemize; meant \describe ?
checkRd: (-1) plot.Rd:129: Lost braces in \itemize; meant \describe ?
checkRd: (-1) plot.Rd:130: Lost braces in \itemize; meant \describe ?
checkRd: (-1) plot.Rd:131: Lost braces in \itemize; meant \describe ?
checkRd: (-1) plot.Rd:132: Lost braces in \itemize; meant \describe ?
checkRd: (-1) plot.Rd:133: Lost braces in \itemize; meant \describe ?
checkRd: (-1) plot.Rd:134: Lost braces in \itemize; meant \describe ?
checkRd: (-1) plot.Rd:135: Lost braces in \itemize; meant \describe ?
checkRd: (-1) plot.Rd:136-137: Lost braces in \itemize; meant \describe ?
checkRd: (-1) plot.Rd:138: Lost braces in \itemize; meant \describe ?
checkRd: (-1) plot.Rd:139: Lost braces in \itemize; meant \describe ?
Flavors: r-devel-linux-x86_64-debian-clang, r-devel-linux-x86_64-debian-gcc, r-devel-linux-x86_64-fedora-clang, r-devel-linux-x86_64-fedora-gcc, r-prerel-macos-arm64, r-prerel-windows-x86_64, r-patched-linux-x86_64