Last updated on 2024-03-29 01:50:59 CET.
Flavor | Version | Tinstall | Tcheck | Ttotal | Status | Flags |
---|---|---|---|---|---|---|
r-devel-linux-x86_64-debian-clang | 0.9.17 | 14.13 | 160.89 | 175.02 | NOTE | |
r-devel-linux-x86_64-debian-gcc | 0.9.17 | 11.19 | 120.28 | 131.47 | NOTE | |
r-devel-linux-x86_64-fedora-clang | 0.9.17 | 221.30 | NOTE | |||
r-devel-linux-x86_64-fedora-gcc | 0.9.17 | 223.82 | NOTE | |||
r-devel-windows-x86_64 | 0.9.17 | 16.00 | 171.00 | 187.00 | NOTE | |
r-patched-linux-x86_64 | 0.9.17 | 19.68 | 151.77 | 171.45 | NOTE | |
r-release-linux-x86_64 | 0.9.17 | 14.05 | 155.81 | 169.86 | OK | |
r-release-macos-arm64 | 0.9.17 | 92.00 | NOTE | |||
r-release-macos-x86_64 | 0.9.17 | 158.00 | NOTE | |||
r-release-windows-x86_64 | 0.9.17 | 22.00 | 206.00 | 228.00 | OK | |
r-oldrel-macos-arm64 | 0.9.17 | 84.00 | NOTE | |||
r-oldrel-windows-x86_64 | 0.9.17 | 21.00 | 195.00 | 216.00 | OK |
Version: 0.9.17
Check: Rd files
Result: NOTE
checkRd: (-1) JobCollection.Rd:41: Lost braces
41 | \item{namespaces}{code{character} with required packages to load via \code{\link[base]{requireNamespace}}.}
| ^
checkRd: (-1) addAlgorithm.Rd:31: Lost braces
31 | Algorithms are functions which get the code{data} part as well as the problem instance (the return value of the
| ^
Flavors: r-devel-linux-x86_64-debian-clang, r-devel-linux-x86_64-debian-gcc, r-devel-linux-x86_64-fedora-clang, r-devel-linux-x86_64-fedora-gcc, r-devel-windows-x86_64, r-patched-linux-x86_64
Version: 0.9.17
Check: Rd cross-references
Result: NOTE
Undeclared package ‘Rmpi’ in Rd xrefs
Flavor: r-devel-linux-x86_64-fedora-clang
Version: 0.9.17
Check: package dependencies
Result: NOTE
Package suggested but not available for checking: ‘doMPI’
Flavors: r-release-macos-arm64, r-release-macos-x86_64, r-oldrel-macos-arm64
Version: 0.9.17
Check: Rd cross-references
Result: NOTE
Package unavailable to check Rd xrefs: ‘Rmpi’
Flavors: r-release-macos-arm64, r-release-macos-x86_64, r-oldrel-macos-arm64