Last updated on 2022-07-03 01:48:49 CEST.
Flavor | Version | Tinstall | Tcheck | Ttotal | Status | Flags |
---|---|---|---|---|---|---|
r-devel-linux-x86_64-debian-clang | 0.0.2 | 638.74 | 221.41 | 860.15 | NOTE | |
r-devel-linux-x86_64-debian-gcc | 0.0.2 | 528.59 | 203.89 | 732.48 | NOTE | |
r-devel-linux-x86_64-fedora-clang | 0.0.2 | 1172.71 | NOTE | |||
r-devel-linux-x86_64-fedora-gcc | 0.0.2 | 1193.27 | NOTE | |||
r-devel-windows-x86_64 | 0.0.2 | 416.00 | 332.00 | 748.00 | NOTE | |
r-patched-linux-x86_64 | 0.0.2 | 454.93 | 250.50 | 705.43 | NOTE | |
r-release-linux-x86_64 | 0.0.2 | 459.10 | 249.80 | 708.90 | NOTE | |
r-release-macos-arm64 | 0.0.2 | 312.00 | NOTE | |||
r-release-macos-x86_64 | 0.0.2 | 492.00 | NOTE | |||
r-release-windows-x86_64 | 0.0.2 | 440.00 | 342.00 | 782.00 | NOTE | |
r-oldrel-macos-arm64 | 0.0.2 | 318.00 | NOTE | |||
r-oldrel-macos-x86_64 | 0.0.2 | 366.00 | NOTE | |||
r-oldrel-windows-ix86+x86_64 | 0.0.2 | 1253.00 | 545.00 | 1798.00 | NOTE |
Version: 0.0.2
Check: for GNU extensions in Makefiles
Result: NOTE
GNU make is a SystemRequirements.
Flavors: r-devel-linux-x86_64-debian-clang, r-devel-linux-x86_64-debian-gcc, r-devel-linux-x86_64-fedora-clang, r-devel-linux-x86_64-fedora-gcc, r-devel-windows-x86_64, r-patched-linux-x86_64, r-release-linux-x86_64, r-release-macos-arm64, r-release-macos-x86_64, r-release-windows-x86_64, r-oldrel-macos-arm64, r-oldrel-macos-x86_64, r-oldrel-windows-ix86+x86_64
Version: 0.0.2
Check: installed package size
Result: NOTE
installed size is 74.0Mb
sub-directories of 1Mb or more:
libs 73.0Mb
Flavors: r-devel-linux-x86_64-fedora-clang, r-devel-windows-x86_64, r-release-macos-arm64, r-release-macos-x86_64, r-release-windows-x86_64, r-oldrel-macos-arm64, r-oldrel-macos-x86_64, r-oldrel-windows-ix86+x86_64
Version: 0.0.2
Check: dependencies in R code
Result: NOTE
Namespaces in Imports field not imported from:
‘MASS’ ‘RcppParallel’ ‘mlbench’ ‘rstantools’
All declared Imports should be used.
Flavors: r-devel-linux-x86_64-fedora-clang, r-devel-linux-x86_64-fedora-gcc, r-release-macos-arm64, r-release-macos-x86_64, r-oldrel-macos-arm64, r-oldrel-macos-x86_64