Last updated on 2024-04-18 01:55:03 CEST.
Flavor | Version | Tinstall | Tcheck | Ttotal | Status | Flags |
---|---|---|---|---|---|---|
r-devel-linux-x86_64-debian-clang | 5.2-0 | 13.63 | 99.65 | 113.28 | NOTE | |
r-devel-linux-x86_64-debian-gcc | 5.2-0 | 9.89 | 70.68 | 80.57 | NOTE | |
r-devel-linux-x86_64-fedora-clang | 5.2-0 | 138.18 | NOTE | |||
r-devel-linux-x86_64-fedora-gcc | 5.2-0 | 130.38 | NOTE | |||
r-prerel-macos-arm64 | 5.2-0 | 40.00 | NOTE | |||
r-prerel-windows-x86_64 | 5.2-0 | 16.00 | 97.00 | 113.00 | NOTE | |
r-patched-linux-x86_64 | 5.2-0 | 14.03 | 94.46 | 108.49 | NOTE | |
r-release-linux-x86_64 | 5.2-0 | 13.14 | 96.30 | 109.44 | OK | |
r-release-macos-arm64 | 5.2-0 | 43.00 | OK | |||
r-release-macos-x86_64 | 5.2-0 | 107.00 | OK | |||
r-release-windows-x86_64 | 5.2-0 | 20.00 | 121.00 | 141.00 | OK | |
r-oldrel-macos-arm64 | 5.2-0 | 45.00 | OK | |||
r-oldrel-windows-x86_64 | 5.2-0 | 20.00 | 120.00 | 140.00 | OK |
Version: 5.2-0
Check: Rd files
Result: NOTE
checkRd: (-1) convert.trajectories.Rd:21: Lost braces in \itemize; meant \describe ?
checkRd: (-1) convert.trajectories.Rd:22: Lost braces in \itemize; meant \describe ?
checkRd: (-1) convert.trajectories.Rd:23: Lost braces in \itemize; meant \describe ?
checkRd: (-1) convert.trajectories.Rd:24: Lost braces in \itemize; meant \describe ?
checkRd: (-1) convert.trajectories.Rd:25: Lost braces in \itemize; meant \describe ?
checkRd: (-1) write.projection.summary.Rd:21: Lost braces in \itemize; meant \describe ?
checkRd: (-1) write.projection.summary.Rd:22: Lost braces in \itemize; meant \describe ?
checkRd: (-1) write.projection.summary.Rd:23: Lost braces in \itemize; meant \describe ?
checkRd: (-1) write.projection.summary.Rd:24: Lost braces in \itemize; meant \describe ?
checkRd: (-1) write.projection.summary.Rd:25: Lost braces in \itemize; meant \describe ?
checkRd: (-1) write.projection.summary.Rd:26: Lost braces in \itemize; meant \describe ?
checkRd: (-1) write.projection.summary.Rd:30: Lost braces in \itemize; meant \describe ?
checkRd: (-1) write.projection.summary.Rd:31: Lost braces in \itemize; meant \describe ?
checkRd: (-1) write.projection.summary.Rd:32: Lost braces in \itemize; meant \describe ?
checkRd: (-1) write.projection.summary.Rd:33: Lost braces in \itemize; meant \describe ?
checkRd: (-1) write.projection.summary.Rd:34: Lost braces in \itemize; meant \describe ?
Flavors: r-devel-linux-x86_64-debian-clang, r-devel-linux-x86_64-debian-gcc, r-devel-linux-x86_64-fedora-clang, r-devel-linux-x86_64-fedora-gcc, r-prerel-macos-arm64, r-prerel-windows-x86_64, r-patched-linux-x86_64