Last updated on 2024-03-28 01:53:51 CET.
Flavor | Version | Tinstall | Tcheck | Ttotal | Status | Flags |
---|---|---|---|---|---|---|
r-devel-linux-x86_64-debian-clang | 1.3.3 | 848.34 | 476.03 | 1324.37 | NOTE | |
r-devel-linux-x86_64-debian-gcc | 1.3.3 | 707.55 | 420.42 | 1127.97 | NOTE | |
r-devel-linux-x86_64-fedora-clang | 1.3.3 | 1544.79 | NOTE | |||
r-devel-linux-x86_64-fedora-gcc | 1.3.3 | 1932.67 | NOTE | |||
r-devel-windows-x86_64 | 1.3.3 | 575.00 | 406.00 | 981.00 | NOTE | |
r-patched-linux-x86_64 | 1.3.3 | 638.00 | 553.56 | 1191.56 | NOTE | |
r-release-linux-x86_64 | 1.3.3 | 0.01 | 2.55 | 2.56 | ERROR | |
r-release-macos-arm64 | 1.3.3 | 402.00 | NOTE | |||
r-release-macos-x86_64 | 1.3.3 | 694.00 | NOTE | |||
r-release-windows-x86_64 | 1.3.3 | 767.00 | 531.00 | 1298.00 | NOTE | |
r-oldrel-macos-arm64 | 1.3.3 | 376.00 | NOTE | |||
r-oldrel-windows-x86_64 | 1.3.3 | 745.00 | 518.00 | 1263.00 | NOTE |
Version: 1.3.3
Check: for GNU extensions in Makefiles
Result: NOTE
GNU make is a SystemRequirements.
Flavors: r-devel-linux-x86_64-debian-clang, r-devel-linux-x86_64-debian-gcc, r-devel-linux-x86_64-fedora-clang, r-devel-linux-x86_64-fedora-gcc, r-devel-windows-x86_64, r-patched-linux-x86_64, r-release-macos-arm64, r-release-macos-x86_64, r-release-windows-x86_64, r-oldrel-macos-arm64, r-oldrel-windows-x86_64
Version: 1.3.3
Check: installed package size
Result: NOTE
installed size is 9.8Mb
sub-directories of 1Mb or more:
doc 1.0Mb
libs 8.2Mb
Flavors: r-devel-linux-x86_64-fedora-clang, r-devel-windows-x86_64, r-release-macos-arm64, r-release-macos-x86_64, r-release-windows-x86_64, r-oldrel-macos-arm64, r-oldrel-windows-x86_64
Version: 1.3.3
Check: dependencies in R code
Result: NOTE
Namespace in Imports field not imported from: ‘rstantools’
All declared Imports should be used.
Flavors: r-devel-linux-x86_64-fedora-clang, r-devel-linux-x86_64-fedora-gcc
Version: 1.3.3
Check: whether package can be installed
Result: ERROR
Installation failed.
Flavor: r-release-linux-x86_64