Last updated on 2025-05-19 02:49:30 CEST.
Flavor | Version | Tinstall | Tcheck | Ttotal | Status | Flags |
---|---|---|---|---|---|---|
r-devel-linux-x86_64-debian-clang | 0.0.1.5 | 2144.84 | 205.77 | 2350.61 | OK | |
r-devel-linux-x86_64-debian-gcc | 0.0.1.5 | 1767.90 | 285.74 | 2053.64 | OK | |
r-devel-linux-x86_64-fedora-clang | 0.0.1.5 | 3538.25 | OK | |||
r-devel-linux-x86_64-fedora-gcc | 0.0.1.5 | 5605.12 | OK | |||
r-devel-windows-x86_64 | 0.0.1.5 | 2292.00 | 423.00 | 2715.00 | OK | |
r-patched-linux-x86_64 | 0.0.1.5 | 2317.78 | 406.65 | 2724.43 | OK | |
r-release-linux-x86_64 | 0.0.1.5 | 2368.35 | 407.17 | 2775.52 | OK | |
r-release-macos-arm64 | 0.0.1.5 | 1379.00 | OK | |||
r-release-macos-x86_64 | 0.0.1.5 | 862.00 | OK | |||
r-release-windows-x86_64 | 0.0.1.5 | 2258.00 | 410.00 | 2668.00 | OK | |
r-oldrel-macos-arm64 | 0.0.1.5 | 779.00 | NOTE | |||
r-oldrel-macos-x86_64 | 0.0.1.5 | 587.00 | NOTE | |||
r-oldrel-windows-x86_64 | 0.0.1.5 | 2547.00 | 500.00 | 3047.00 | NOTE |
Version: 0.0.1.5
Check: installed package size
Result: NOTE
installed size is 244.0Mb
sub-directories of 1Mb or more:
libs 243.2Mb
Flavors: r-oldrel-macos-arm64, r-oldrel-macos-x86_64, r-oldrel-windows-x86_64
Version: 0.0.1.5
Check: for GNU extensions in Makefiles
Result: NOTE
GNU make is a SystemRequirements.
Flavors: r-oldrel-macos-arm64, r-oldrel-macos-x86_64, r-oldrel-windows-x86_64