Last updated on 2023-05-31 01:57:08 CEST.
Flavor | Version | Tinstall | Tcheck | Ttotal | Status | Flags |
---|---|---|---|---|---|---|
r-devel-linux-x86_64-debian-clang | 1.0.1 | 216.99 | 58.23 | 275.22 | NOTE | |
r-devel-linux-x86_64-debian-gcc | 1.0.1 | 177.36 | 42.36 | 219.72 | NOTE | |
r-devel-linux-x86_64-fedora-clang | 1.0.1 | 418.94 | NOTE | |||
r-devel-linux-x86_64-fedora-gcc | 1.0.1 | 438.82 | NOTE | |||
r-devel-windows-x86_64 | 1.0.1 | 178.00 | 105.00 | 283.00 | NOTE | |
r-patched-linux-x86_64 | 1.0.1 | 192.67 | 55.23 | 247.90 | NOTE | |
r-release-linux-x86_64 | 1.0.1 | 192.56 | 55.38 | 247.94 | NOTE | |
r-release-macos-arm64 | 1.0.1 | 107.00 | NOTE | |||
r-release-macos-x86_64 | 1.0.1 | 216.00 | NOTE | |||
r-release-windows-x86_64 | 1.0.1 | 239.00 | 130.00 | 369.00 | NOTE | |
r-oldrel-macos-arm64 | 1.0.1 | 91.00 | NOTE | |||
r-oldrel-macos-x86_64 | 1.0.1 | 140.00 | NOTE | |||
r-oldrel-windows-x86_64 | 1.0.1 | 225.00 | 134.00 | 359.00 | NOTE |
Version: 1.0.1
Check: C++ specification
Result: NOTE
Specified C++11: please drop specification unless essential
Flavors: r-devel-linux-x86_64-debian-clang, r-devel-linux-x86_64-debian-gcc, r-devel-linux-x86_64-fedora-clang, r-devel-linux-x86_64-fedora-gcc, r-devel-windows-x86_64, r-patched-linux-x86_64, r-release-linux-x86_64, r-release-macos-arm64, r-release-macos-x86_64, r-release-windows-x86_64
Version: 1.0.1
Check: for GNU extensions in Makefiles
Result: NOTE
GNU make is a SystemRequirements.
Flavors: r-devel-linux-x86_64-debian-clang, r-devel-linux-x86_64-debian-gcc, r-devel-linux-x86_64-fedora-clang, r-devel-linux-x86_64-fedora-gcc, r-devel-windows-x86_64, r-patched-linux-x86_64, r-release-linux-x86_64, r-release-macos-arm64, r-release-macos-x86_64, r-release-windows-x86_64, r-oldrel-macos-arm64, r-oldrel-macos-x86_64, r-oldrel-windows-x86_64
Version: 1.0.1
Check: installed package size
Result: NOTE
installed size is 8.7Mb
sub-directories of 1Mb or more:
libs 8.5Mb
Flavors: r-release-macos-arm64, r-release-macos-x86_64, r-oldrel-macos-arm64, r-oldrel-macos-x86_64