Last updated on 2024-03-29 01:50:59 CET.
Flavor | Version | Tinstall | Tcheck | Ttotal | Status | Flags |
---|---|---|---|---|---|---|
r-devel-linux-x86_64-debian-clang | 0.2.1 | 54.99 | 123.36 | 178.35 | NOTE | |
r-devel-linux-x86_64-debian-gcc | 0.2.1 | 41.87 | 90.15 | 132.02 | NOTE | |
r-devel-linux-x86_64-fedora-clang | 0.2.1 | 260.48 | NOTE | |||
r-devel-linux-x86_64-fedora-gcc | 0.2.1 | 244.74 | NOTE | |||
r-devel-windows-x86_64 | 0.2.1 | 44.00 | 127.00 | 171.00 | NOTE | |
r-patched-linux-x86_64 | 0.2.1 | 51.66 | 117.63 | 169.29 | NOTE | |
r-release-linux-x86_64 | 0.2.1 | 55.04 | 117.12 | 172.16 | OK | |
r-release-macos-arm64 | 0.2.1 | 68.00 | OK | |||
r-release-macos-x86_64 | 0.2.1 | 107.00 | OK | |||
r-release-windows-x86_64 | 0.2.1 | 56.00 | 161.00 | 217.00 | OK | |
r-oldrel-macos-arm64 | 0.2.1 | 60.00 | OK | |||
r-oldrel-windows-x86_64 | 0.2.1 | 59.00 | 148.00 | 207.00 | OK |
Version: 0.2.1
Check: Rd files
Result: NOTE
checkRd: (-1) insert_NAs.Rd:22: Lost braces; missing escapes or markup?
22 | A data frame where new rows have been inserted to regularize the \code{date} column. This results in values provided for \code{id}, \code{date}, and {dt} while inserting NAs for all other columns. Additionally, observations with duplicate date-times are removed.
| ^
Flavors: r-devel-linux-x86_64-debian-clang, r-devel-linux-x86_64-debian-gcc, r-devel-linux-x86_64-fedora-clang, r-devel-linux-x86_64-fedora-gcc, r-devel-windows-x86_64, r-patched-linux-x86_64