Last updated on 2025-04-30 01:50:13 CEST.
Flavor | Version | Tinstall | Tcheck | Ttotal | Status | Flags |
---|---|---|---|---|---|---|
r-devel-linux-x86_64-debian-clang | 0.2.1 | 36.34 | 103.86 | 140.20 | NOTE | |
r-devel-linux-x86_64-debian-gcc | 0.2.1 | 24.60 | 71.71 | 96.31 | NOTE | |
r-devel-linux-x86_64-fedora-clang | 0.2.1 | 250.41 | NOTE | |||
r-devel-linux-x86_64-fedora-gcc | 0.2.1 | 213.94 | NOTE | |||
r-devel-windows-x86_64 | 0.2.1 | 44.00 | 139.00 | 183.00 | NOTE | |
r-patched-linux-x86_64 | 0.2.1 | 34.84 | 96.12 | 130.96 | NOTE | |
r-release-linux-x86_64 | 0.2.1 | 34.65 | 96.51 | 131.16 | NOTE | |
r-release-macos-arm64 | 0.2.1 | 59.00 | NOTE | |||
r-release-macos-x86_64 | 0.2.1 | 157.00 | NOTE | |||
r-release-windows-x86_64 | 0.2.1 | 45.00 | 140.00 | 185.00 | NOTE | |
r-oldrel-macos-arm64 | 0.2.1 | 59.00 | NOTE | |||
r-oldrel-macos-x86_64 | 0.2.1 | 83.00 | NOTE | |||
r-oldrel-windows-x86_64 | 0.2.1 | 48.00 | 177.00 | 225.00 | NOTE |
Version: 0.2.1
Check: CRAN incoming feasibility
Result: NOTE
Maintainer: ‘Joshua Cullen <joshcullen10@gmail.com>’
Package CITATION file contains call(s) to old-style personList() or
as.personList(). Please use c() on person objects instead.
Package CITATION file contains call(s) to old-style citEntry(). Please
use bibentry() instead.
Flavors: r-devel-linux-x86_64-debian-clang, r-devel-linux-x86_64-debian-gcc
Version: 0.2.1
Check: Rd files
Result: NOTE
checkRd: (-1) insert_NAs.Rd:22: Lost braces; missing escapes or markup?
22 | A data frame where new rows have been inserted to regularize the \code{date} column. This results in values provided for \code{id}, \code{date}, and {dt} while inserting NAs for all other columns. Additionally, observations with duplicate date-times are removed.
| ^
Flavors: r-devel-linux-x86_64-debian-clang, r-devel-linux-x86_64-debian-gcc, r-devel-linux-x86_64-fedora-clang, r-devel-linux-x86_64-fedora-gcc, r-devel-windows-x86_64, r-patched-linux-x86_64, r-release-linux-x86_64, r-release-macos-arm64, r-release-macos-x86_64, r-release-windows-x86_64, r-oldrel-macos-arm64, r-oldrel-macos-x86_64, r-oldrel-windows-x86_64
Version: 0.2.1
Check: examples
Result: NOTE
Examples with CPU (user + system) or elapsed time > 5s
user system elapsed
insert_NAs 5.865 0.07 8.127
Flavor: r-devel-linux-x86_64-debian-clang