Last updated on 2024-08-16 01:48:13 CEST.
Flavor | Version | Tinstall | Tcheck | Ttotal | Status | Flags |
---|---|---|---|---|---|---|
r-devel-linux-x86_64-debian-clang | 0.2.1 | 33.19 | 94.94 | 128.13 | NOTE | |
r-devel-linux-x86_64-debian-gcc | 0.2.1 | 22.71 | 66.56 | 89.27 | NOTE | |
r-devel-linux-x86_64-fedora-clang | 0.2.1 | 226.52 | NOTE | |||
r-devel-linux-x86_64-fedora-gcc | 0.2.1 | 219.30 | NOTE | |||
r-devel-windows-x86_64 | 0.2.1 | 41.00 | 130.00 | 171.00 | NOTE | |
r-patched-linux-x86_64 | 0.2.1 | 34.61 | 88.15 | 122.76 | NOTE | |
r-release-linux-x86_64 | 0.2.1 | 32.28 | 89.69 | 121.97 | NOTE | |
r-release-macos-arm64 | 0.2.1 | 59.00 | NOTE | |||
r-release-macos-x86_64 | 0.2.1 | 83.00 | NOTE | |||
r-release-windows-x86_64 | 0.2.1 | 40.00 | 135.00 | 175.00 | NOTE | |
r-oldrel-macos-arm64 | 0.2.1 | 68.00 | OK | |||
r-oldrel-macos-x86_64 | 0.2.1 | 107.00 | OK | |||
r-oldrel-windows-x86_64 | 0.2.1 | 50.00 | 159.00 | 209.00 | OK |
Version: 0.2.1
Check: Rd files
Result: NOTE
checkRd: (-1) insert_NAs.Rd:22: Lost braces; missing escapes or markup?
22 | A data frame where new rows have been inserted to regularize the \code{date} column. This results in values provided for \code{id}, \code{date}, and {dt} while inserting NAs for all other columns. Additionally, observations with duplicate date-times are removed.
| ^
Flavors: r-devel-linux-x86_64-debian-clang, r-devel-linux-x86_64-debian-gcc, r-devel-linux-x86_64-fedora-clang, r-devel-linux-x86_64-fedora-gcc, r-devel-windows-x86_64, r-patched-linux-x86_64, r-release-linux-x86_64, r-release-macos-arm64, r-release-macos-x86_64, r-release-windows-x86_64