Last updated on 2024-04-19 01:58:36 CEST.
Flavor | Version | Tinstall | Tcheck | Ttotal | Status | Flags |
---|---|---|---|---|---|---|
r-devel-linux-x86_64-debian-clang | 2.1.2.0 | 46.21 | 311.75 | 357.96 | OK | |
r-devel-linux-x86_64-debian-gcc | 2.1.2.0 | 40.67 | 227.21 | 267.88 | OK | |
r-devel-linux-x86_64-fedora-clang | 2.1.2.0 | 453.87 | NOTE | |||
r-devel-linux-x86_64-fedora-gcc | 2.1.2.0 | 449.02 | OK | |||
r-prerel-macos-arm64 | 2.1.2.0 | 121.00 | NOTE | |||
r-prerel-macos-x86_64 | 2.1.2.0 | 291.00 | NOTE | |||
r-prerel-windows-x86_64 | 2.1.2.0 | 33.00 | 223.00 | 256.00 | NOTE | |
r-patched-linux-x86_64 | 2.1.2.0 | 41.55 | 296.00 | 337.55 | OK | |
r-release-linux-x86_64 | 2.1.2.0 | 36.52 | 296.65 | 333.17 | OK | |
r-release-macos-arm64 | 2.1.2.0 | 118.00 | NOTE | |||
r-release-macos-x86_64 | 2.1.2.0 | 305.00 | NOTE | |||
r-release-windows-x86_64 | 2.1.2.0 | 45.00 | 289.00 | 334.00 | NOTE | |
r-oldrel-macos-arm64 | 2.1.2.0 | 119.00 | NOTE | |||
r-oldrel-windows-x86_64 | 2.1.2.0 | 47.00 | 286.00 | 333.00 | NOTE |
Version: 2.1.2.0
Check: installed package size
Result: NOTE
installed size is 5.3Mb
sub-directories of 1Mb or more:
data 3.7Mb
doc 1.0Mb
Flavors: r-devel-linux-x86_64-fedora-clang, r-prerel-macos-arm64, r-prerel-macos-x86_64, r-prerel-windows-x86_64, r-release-macos-arm64, r-release-macos-x86_64, r-release-windows-x86_64, r-oldrel-macos-arm64, r-oldrel-windows-x86_64