Last updated on 2024-04-26 01:53:01 CEST.
Flavor | Version | Tinstall | Tcheck | Ttotal | Status | Flags |
---|---|---|---|---|---|---|
r-devel-linux-x86_64-debian-clang | 0.13.2 | 13.75 | 936.48 | 950.23 | OK | |
r-devel-linux-x86_64-debian-gcc | 0.13.2 | 10.58 | 757.37 | 767.95 | OK | |
r-devel-linux-x86_64-fedora-clang | 0.13.2 | 957.98 | OK | |||
r-devel-linux-x86_64-fedora-gcc | 0.13.2 | 1289.24 | OK | |||
r-devel-windows-x86_64 | 0.13.2 | 13.00 | 357.00 | 370.00 | OK | |
r-patched-linux-x86_64 | 0.13.2 | 19.96 | 1030.22 | 1050.18 | NOTE | |
r-release-linux-x86_64 | 0.13.2 | 10.54 | 1031.47 | 1042.01 | OK | |
r-release-macos-arm64 | 0.13.2 | 163.00 | OK | |||
r-release-macos-x86_64 | 0.13.2 | 443.00 | OK | |||
r-release-windows-x86_64 | 0.13.2 | 14.00 | 356.00 | 370.00 | OK | |
r-oldrel-macos-arm64 | 0.13.2 | 159.00 | OK | |||
r-oldrel-macos-x86_64 | 0.13.2 | 407.00 | OK | |||
r-oldrel-windows-x86_64 | 0.13.2 | 17.00 | 457.00 | 474.00 | OK |
Version: 0.13.2
Check: package dependencies
Result: NOTE
Package suggested but not available for checking: ‘blavaan’
Flavor: r-patched-linux-x86_64