Last updated on 2024-03-28 01:53:51 CET.
Flavor | Version | Tinstall | Tcheck | Ttotal | Status | Flags |
---|---|---|---|---|---|---|
r-devel-linux-x86_64-debian-clang | 0.8.5 | 33.38 | 139.30 | 172.68 | OK | |
r-devel-linux-x86_64-debian-gcc | 0.8.5 | 24.90 | 102.85 | 127.75 | OK | |
r-devel-linux-x86_64-fedora-clang | 0.8.5 | 216.96 | NOTE | |||
r-devel-linux-x86_64-fedora-gcc | 0.8.5 | 206.83 | NOTE | |||
r-devel-windows-x86_64 | 0.8.5 | 19.00 | 97.00 | 116.00 | OK | |
r-patched-linux-x86_64 | 0.8.5 | 35.75 | 135.57 | 171.32 | OK | |
r-release-linux-x86_64 | 0.8.5 | 21.14 | 132.30 | 153.44 | OK | |
r-release-macos-arm64 | 0.8.5 | 41.00 | OK | |||
r-release-macos-x86_64 | 0.8.5 | 67.00 | OK | |||
r-release-windows-x86_64 | 0.8.5 | 24.00 | 120.00 | 144.00 | OK | |
r-oldrel-macos-arm64 | 0.8.5 | 40.00 | NOTE | |||
r-oldrel-windows-x86_64 | 0.8.5 | 29.00 | 128.00 | 157.00 | OK |
Version: 0.8.5
Check: dependencies in R code
Result: NOTE
Namespace in Imports field not imported from: ‘dplyr’
All declared Imports should be used.
Flavors: r-devel-linux-x86_64-fedora-clang, r-devel-linux-x86_64-fedora-gcc, r-oldrel-macos-arm64