Last updated on 2024-08-16 01:48:13 CEST.
Flavor | Version | Tinstall | Tcheck | Ttotal | Status | Flags |
---|---|---|---|---|---|---|
r-devel-linux-x86_64-debian-clang | 0.3.0 | 100.53 | 25.33 | 125.86 | OK | |
r-devel-linux-x86_64-debian-gcc | 0.3.0 | 74.78 | 19.38 | 94.16 | OK | |
r-devel-linux-x86_64-fedora-clang | 0.3.0 | 251.82 | OK | |||
r-devel-linux-x86_64-fedora-gcc | 0.3.0 | 274.80 | OK | |||
r-devel-windows-x86_64 | 0.3.0 | 107.00 | 64.00 | 171.00 | OK | |
r-patched-linux-x86_64 | 0.3.0 | 105.28 | 23.30 | 128.58 | OK | |
r-release-linux-x86_64 | 0.3.0 | 109.45 | 23.58 | 133.03 | OK | |
r-release-macos-arm64 | 0.3.0 | 55.00 | NOTE | |||
r-release-macos-x86_64 | 0.3.0 | 77.00 | NOTE | |||
r-release-windows-x86_64 | 0.3.0 | 109.00 | 64.00 | 173.00 | OK | |
r-oldrel-macos-arm64 | 0.3.0 | 61.00 | NOTE | |||
r-oldrel-macos-x86_64 | 0.3.0 | 82.00 | NOTE | |||
r-oldrel-windows-x86_64 | 0.3.0 | 127.00 | 75.00 | 202.00 | OK |
Version: 0.3.0
Check: installed package size
Result: NOTE
installed size is 5.4Mb
sub-directories of 1Mb or more:
libs 5.3Mb
Flavors: r-release-macos-arm64, r-release-macos-x86_64, r-oldrel-macos-arm64, r-oldrel-macos-x86_64