CRAN Package Check Results for Package bdclean

Last updated on 2022-05-22 01:51:21 CEST.

Flavor Version Tinstall Tcheck Ttotal Status Flags
r-devel-linux-x86_64-debian-clang 0.1.15 11.49 115.89 127.38 NOTE
r-devel-linux-x86_64-debian-gcc 0.1.15 10.57 86.60 97.17 NOTE
r-devel-linux-x86_64-fedora-clang 0.1.15 151.04 NOTE
r-devel-linux-x86_64-fedora-gcc 0.1.15 154.75 NOTE
r-devel-windows-x86_64 0.1.15 28.00 130.00 158.00 NOTE
r-patched-linux-x86_64 0.1.15 11.99 107.33 119.32 NOTE
r-release-linux-x86_64 0.1.15 8.65 106.88 115.53 NOTE
r-release-macos-arm64 0.1.15 41.00 NOTE
r-release-macos-x86_64 0.1.15 68.00 NOTE
r-release-windows-x86_64 0.1.15 29.00 132.00 161.00 NOTE
r-oldrel-macos-arm64 0.1.15 51.00 NOTE
r-oldrel-macos-x86_64 0.1.15 78.00 NOTE
r-oldrel-windows-ix86+x86_64 0.1.15 38.00 137.00 175.00 NOTE

Check Details

Version: 0.1.15
Check: LazyData
Result: NOTE
     'LazyData' is specified without a 'data' directory
Flavors: r-devel-linux-x86_64-debian-clang, r-devel-linux-x86_64-debian-gcc, r-devel-linux-x86_64-fedora-clang, r-devel-linux-x86_64-fedora-gcc, r-devel-windows-x86_64, r-patched-linux-x86_64, r-release-linux-x86_64, r-release-macos-arm64, r-release-macos-x86_64, r-release-windows-x86_64, r-oldrel-macos-arm64, r-oldrel-macos-x86_64, r-oldrel-windows-ix86+x86_64

Version: 0.1.15
Check: dependencies in R code
Result: NOTE
    Namespace in Imports field not imported from: ‘DT’
     All declared Imports should be used.
Flavors: r-devel-linux-x86_64-fedora-clang, r-devel-linux-x86_64-fedora-gcc, r-release-macos-arm64, r-release-macos-x86_64, r-oldrel-macos-arm64, r-oldrel-macos-x86_64