CRAN Package Check Results for Package bea.R

Last updated on 2022-07-01 01:49:26 CEST.

Flavor Version Tinstall Tcheck Ttotal Status Flags
r-devel-linux-x86_64-debian-clang 1.0.6 7.88 77.11 84.99 OK
r-devel-linux-x86_64-debian-gcc 1.0.6 7.21 55.10 62.31 OK
r-devel-linux-x86_64-fedora-clang 1.0.6 108.15 NOTE
r-devel-linux-x86_64-fedora-gcc 1.0.6 106.16 NOTE
r-devel-windows-x86_64 1.0.6 13.00 93.00 106.00 OK
r-patched-linux-x86_64 1.0.6 9.38 70.30 79.68 OK
r-release-linux-x86_64 1.0.6 7.04 70.04 77.08 OK
r-release-macos-arm64 1.0.6 30.00 NOTE
r-release-macos-x86_64 1.0.6 58.00 NOTE
r-release-windows-x86_64 1.0.6 19.00 95.00 114.00 OK
r-oldrel-macos-arm64 1.0.6 34.00 NOTE
r-oldrel-macos-x86_64 1.0.6 57.00 NOTE
r-oldrel-windows-ix86+x86_64 1.0.6 22.00 95.00 117.00 OK

Check Details

Version: 1.0.6
Check: package dependencies
Result: NOTE
    Imports includes 22 non-default packages.
    Importing from so many packages makes the package vulnerable to any of
    them becoming unavailable. Move as many as possible to Suggests and
    use conditionally.
Flavor: r-devel-linux-x86_64-fedora-clang

Version: 1.0.6
Check: dependencies in R code
Result: NOTE
    Namespaces in Imports field not imported from:
     ‘Rcpp’ ‘chron’ ‘colorspace’ ‘gtable’ ‘htmltools’ ‘htmlwidgets’
     ‘httpuv’ ‘magrittr’ ‘munsell’ ‘plyr’ ‘scales’ ‘stringi’ ‘xtable’
     ‘yaml’
     All declared Imports should be used.
Flavors: r-devel-linux-x86_64-fedora-clang, r-devel-linux-x86_64-fedora-gcc, r-release-macos-arm64, r-release-macos-x86_64, r-oldrel-macos-arm64, r-oldrel-macos-x86_64