Last updated on 2024-04-23 01:56:53 CEST.
Flavor | Version | Tinstall | Tcheck | Ttotal | Status | Flags |
---|---|---|---|---|---|---|
r-devel-linux-x86_64-debian-clang | 3.1 | 991.11 | 311.88 | 1302.99 | NOTE | |
r-devel-linux-x86_64-debian-gcc | 3.1 | 945.79 | 288.59 | 1234.38 | NOTE | |
r-devel-linux-x86_64-fedora-clang | 3.1 | 1611.10 | NOTE | |||
r-devel-linux-x86_64-fedora-gcc | 3.1 | 2218.35 | NOTE | |||
r-prerel-macos-arm64 | 3.1 | 381.00 | NOTE | |||
r-prerel-windows-x86_64 | 3.1 | 764.00 | 290.00 | 1054.00 | NOTE | |
r-patched-linux-x86_64 | 3.1 | 749.14 | 362.66 | 1111.80 | NOTE | |
r-release-linux-x86_64 | 3.1 | 0.02 | 2.62 | 2.64 | ERROR | |
r-release-macos-arm64 | 3.1 | 329.00 | NOTE | |||
r-release-macos-x86_64 | 3.1 | 364.00 | NOTE | |||
r-release-windows-x86_64 | 3.1 | 979.00 | 372.00 | 1351.00 | NOTE | |
r-oldrel-macos-arm64 | 3.1 | 292.00 | NOTE | |||
r-oldrel-windows-x86_64 | 3.1 | 980.00 | 349.00 | 1329.00 | NOTE |
Version: 3.1
Check: for GNU extensions in Makefiles
Result: NOTE
GNU make is a SystemRequirements.
Flavors: r-devel-linux-x86_64-debian-clang, r-devel-linux-x86_64-debian-gcc, r-devel-linux-x86_64-fedora-clang, r-devel-linux-x86_64-fedora-gcc, r-prerel-macos-arm64, r-prerel-windows-x86_64, r-patched-linux-x86_64, r-release-macos-arm64, r-release-macos-x86_64, r-release-windows-x86_64, r-oldrel-macos-arm64, r-oldrel-windows-x86_64
Version: 3.1
Check: installed package size
Result: NOTE
installed size is 9.2Mb
sub-directories of 1Mb or more:
libs 7.6Mb
Flavors: r-devel-linux-x86_64-fedora-clang, r-prerel-macos-arm64, r-prerel-windows-x86_64, r-release-macos-arm64, r-release-macos-x86_64, r-release-windows-x86_64, r-oldrel-macos-arm64, r-oldrel-windows-x86_64
Version: 3.1
Check: whether package can be installed
Result: ERROR
Installation failed.
Flavor: r-release-linux-x86_64