Last updated on 2024-03-28 01:53:51 CET.
Flavor | Version | Tinstall | Tcheck | Ttotal | Status | Flags |
---|---|---|---|---|---|---|
r-devel-linux-x86_64-debian-clang | 0.0.2 | 321.80 | 255.07 | 576.87 | NOTE | |
r-devel-linux-x86_64-debian-gcc | 0.0.2 | 286.80 | 220.89 | 507.69 | NOTE | |
r-devel-linux-x86_64-fedora-clang | 0.0.2 | 701.20 | NOTE | |||
r-devel-linux-x86_64-fedora-gcc | 0.0.2 | 873.83 | NOTE | |||
r-devel-windows-x86_64 | 0.0.2 | 246.00 | 267.00 | 513.00 | NOTE | |
r-patched-linux-x86_64 | 0.0.2 | 250.53 | 299.78 | 550.31 | NOTE | |
r-release-linux-x86_64 | 0.0.2 | 257.22 | 288.68 | 545.90 | NOTE | |
r-release-macos-arm64 | 0.0.2 | 167.00 | NOTE | |||
r-release-macos-x86_64 | 0.0.2 | 288.00 | NOTE | |||
r-release-windows-x86_64 | 0.0.2 | 309.00 | 320.00 | 629.00 | NOTE | |
r-oldrel-macos-arm64 | 0.0.2 | 158.00 | NOTE | |||
r-oldrel-windows-x86_64 | 0.0.2 | 307.00 | 300.00 | 607.00 | NOTE |
Version: 0.0.2
Check: for GNU extensions in Makefiles
Result: NOTE
GNU make is a SystemRequirements.
Flavors: r-devel-linux-x86_64-debian-clang, r-devel-linux-x86_64-debian-gcc, r-devel-linux-x86_64-fedora-clang, r-devel-linux-x86_64-fedora-gcc, r-devel-windows-x86_64, r-patched-linux-x86_64, r-release-linux-x86_64, r-release-macos-arm64, r-release-macos-x86_64, r-release-windows-x86_64, r-oldrel-macos-arm64, r-oldrel-windows-x86_64
Version: 0.0.2
Check: dependencies in R code
Result: NOTE
Namespace in Imports field not imported from: ‘rstantools’
All declared Imports should be used.
Flavors: r-devel-linux-x86_64-fedora-clang, r-devel-linux-x86_64-fedora-gcc
Version: 0.0.2
Check: installed package size
Result: NOTE
installed size is 47.4Mb
sub-directories of 1Mb or more:
libs 47.0Mb
Flavors: r-release-macos-arm64, r-release-macos-x86_64, r-oldrel-macos-arm64