CRAN Package Check Results for Package berryFunctions

Last updated on 2022-07-02 01:48:50 CEST.

Flavor Version Tinstall Tcheck Ttotal Status Flags
r-devel-linux-x86_64-debian-clang 1.21.14 10.52 105.57 116.09 OK
r-devel-linux-x86_64-debian-gcc 1.21.14 7.79 79.03 86.82 OK
r-devel-linux-x86_64-fedora-clang 1.21.14 150.55 NOTE
r-devel-linux-x86_64-fedora-gcc 1.21.14 151.16 OK
r-devel-windows-x86_64 1.21.14 352.00 152.00 504.00 OK
r-patched-linux-x86_64 1.21.14 14.80 99.86 114.66 OK
r-release-linux-x86_64 1.21.14 9.83 101.41 111.24 OK
r-release-macos-arm64 1.21.14 66.00 OK
r-release-macos-x86_64 1.21.14 91.00 OK
r-release-windows-x86_64 1.21.14 354.00 151.00 505.00 OK
r-oldrel-macos-arm64 1.21.14 60.00 OK
r-oldrel-macos-x86_64 1.21.14 92.00 OK
r-oldrel-windows-ix86+x86_64 1.21.14 20.00 142.00 162.00 OK

Check Details

Version: 1.21.14
Check: Rd cross-references
Result: NOTE
    Undeclared package ‘zoo’ in Rd xrefs
Flavor: r-devel-linux-x86_64-fedora-clang