Last updated on 2025-04-30 02:50:33 CEST.
Flavor | Version | Tinstall | Tcheck | Ttotal | Status | Flags |
---|---|---|---|---|---|---|
r-devel-linux-x86_64-debian-clang | 0.1.3 | 19.06 | 56.75 | 75.81 | NOTE | |
r-devel-linux-x86_64-debian-gcc | 0.1.3 | 13.40 | 40.52 | 53.92 | NOTE | |
r-devel-linux-x86_64-fedora-clang | 0.1.3 | 131.82 | OK | |||
r-devel-linux-x86_64-fedora-gcc | 0.1.3 | 124.45 | OK | |||
r-devel-windows-x86_64 | 0.1.3 | 24.00 | 88.00 | 112.00 | OK | |
r-patched-linux-x86_64 | 0.1.3 | 18.13 | 53.39 | 71.52 | OK | |
r-release-linux-x86_64 | 0.1.3 | 18.49 | 54.10 | 72.59 | OK | |
r-release-macos-arm64 | 0.1.3 | 39.00 | OK | |||
r-release-macos-x86_64 | 0.1.3 | 63.00 | OK | |||
r-release-windows-x86_64 | 0.1.3 | 27.00 | 88.00 | 115.00 | OK | |
r-oldrel-macos-arm64 | 0.1.3 | 43.00 | OK | |||
r-oldrel-macos-x86_64 | 0.1.3 | 73.00 | OK | |||
r-oldrel-windows-x86_64 | 0.1.3 | 28.00 | 112.00 | 140.00 | OK |
Version: 0.1.3
Check: examples
Result: NOTE
Examples with CPU (user + system) or elapsed time > 5s
user system elapsed
bes_g_gao 8.306 0.07 11.384
Flavor: r-devel-linux-x86_64-debian-clang
Version: 0.1.3
Check: examples
Result: NOTE
Examples with CPU (user + system) or elapsed time > 5s
user system elapsed
bes_g_gao 4.609 0.095 5.601
Flavor: r-devel-linux-x86_64-debian-gcc