CRAN Package Check Results for Package betalink

Last updated on 2022-05-17 02:53:04 CEST.

Flavor Version Tinstall Tcheck Ttotal Status Flags
r-devel-linux-x86_64-debian-clang 2.2.1 2.00 33.31 35.31 NOTE
r-devel-linux-x86_64-debian-gcc 2.2.1 2.14 25.78 27.92 NOTE
r-devel-linux-x86_64-fedora-clang 2.2.1 44.60 NOTE
r-devel-linux-x86_64-fedora-gcc 2.2.1 43.72 NOTE
r-devel-windows-x86_64 2.2.1 28.00 50.00 78.00 NOTE
r-patched-linux-x86_64 2.2.1 2.94 33.75 36.69 NOTE
r-release-linux-x86_64 2.2.1 2.22 33.16 35.38 NOTE
r-release-macos-arm64 2.2.1 17.00 NOTE
r-release-macos-x86_64 2.2.1 24.00 NOTE
r-release-windows-x86_64 2.2.1 33.00 49.00 82.00 NOTE
r-oldrel-macos-arm64 2.2.1 25.00 NOTE
r-oldrel-macos-x86_64 2.2.1 28.00 NOTE
r-oldrel-windows-ix86+x86_64 2.2.1 6.00 45.00 51.00 NOTE

Check Details

Version: 2.2.1
Check: DESCRIPTION meta-information
Result: NOTE
    Checking should be performed on sources prepared by 'R CMD build'.
Flavors: r-devel-linux-x86_64-debian-clang, r-devel-linux-x86_64-debian-gcc, r-devel-linux-x86_64-fedora-clang, r-devel-linux-x86_64-fedora-gcc, r-devel-windows-x86_64, r-patched-linux-x86_64, r-release-linux-x86_64, r-release-macos-arm64, r-release-macos-x86_64, r-release-windows-x86_64, r-oldrel-macos-arm64, r-oldrel-macos-x86_64, r-oldrel-windows-ix86+x86_64