Last updated on 2022-06-27 01:49:46 CEST.
Flavor | Version | Tinstall | Tcheck | Ttotal | Status | Flags |
---|---|---|---|---|---|---|
r-devel-linux-x86_64-debian-clang | 1.8.5 | 4.08 | 53.25 | 57.33 | NOTE | |
r-devel-linux-x86_64-debian-gcc | 1.8.5 | 3.83 | 38.43 | 42.26 | NOTE | |
r-devel-linux-x86_64-fedora-clang | 1.8.5 | 78.04 | NOTE | |||
r-devel-linux-x86_64-fedora-gcc | 1.8.5 | 78.89 | NOTE | |||
r-devel-windows-x86_64 | 1.8.5 | 15.00 | 77.00 | 92.00 | NOTE | |
r-patched-linux-x86_64 | 1.8.5 | 5.71 | 48.59 | 54.30 | OK | |
r-release-linux-x86_64 | 1.8.5 | 3.38 | 48.38 | 51.76 | OK | |
r-release-macos-arm64 | 1.8.5 | 25.00 | OK | |||
r-release-macos-x86_64 | 1.8.5 | 41.00 | OK | |||
r-release-windows-x86_64 | 1.8.5 | 14.00 | 90.00 | 104.00 | OK | |
r-oldrel-macos-arm64 | 1.8.5 | 35.00 | OK | |||
r-oldrel-macos-x86_64 | 1.8.5 | 43.00 | OK | |||
r-oldrel-windows-ix86+x86_64 | 1.8.5 | 11.00 | 76.00 | 87.00 | OK |
Version: 1.8.5
Check: Rd files
Result: NOTE
checkRd: (-1) bgmm-package.Rd:23: Escaped LaTeX specials: \&
Flavors: r-devel-linux-x86_64-debian-clang, r-devel-linux-x86_64-debian-gcc, r-devel-linux-x86_64-fedora-clang, r-devel-linux-x86_64-fedora-gcc, r-devel-windows-x86_64