Last updated on 2024-04-19 01:58:36 CEST.
Flavor | Version | Tinstall | Tcheck | Ttotal | Status | Flags |
---|---|---|---|---|---|---|
r-devel-linux-x86_64-debian-clang | 0.0.8 | 4.85 | 39.62 | 44.47 | OK | |
r-devel-linux-x86_64-debian-gcc | 0.0.9 | 4.56 | 32.81 | 37.37 | OK | |
r-devel-linux-x86_64-fedora-clang | 0.0.9 | 65.99 | NOTE | |||
r-devel-linux-x86_64-fedora-gcc | 0.0.9 | 58.43 | NOTE | |||
r-prerel-macos-arm64 | 0.0.9 | 24.00 | OK | |||
r-prerel-macos-x86_64 | 0.0.9 | 52.00 | OK | |||
r-prerel-windows-x86_64 | 0.0.9 | 11.00 | 73.00 | 84.00 | OK | |
r-patched-linux-x86_64 | 0.0.9 | 9.38 | 41.57 | 50.95 | OK | |
r-release-linux-x86_64 | 0.0.8 | 5.61 | 38.38 | 43.99 | OK | |
r-release-macos-arm64 | 0.0.9 | 28.00 | OK | |||
r-release-macos-x86_64 | 0.0.9 | 44.00 | OK | |||
r-release-windows-x86_64 | 0.0.8 | 8.00 | 55.00 | 63.00 | OK | |
r-oldrel-macos-arm64 | 0.0.9 | 28.00 | OK | |||
r-oldrel-windows-x86_64 | 0.0.9 | 10.00 | 71.00 | 81.00 | OK |
Version: 0.0.9
Check: data for non-ASCII characters
Result: NOTE
Note: found 1904 marked UTF-8 strings
Flavors: r-devel-linux-x86_64-fedora-clang, r-devel-linux-x86_64-fedora-gcc