Last updated on 2022-07-02 01:48:50 CEST.
Flavor | Version | Tinstall | Tcheck | Ttotal | Status | Flags |
---|---|---|---|---|---|---|
r-devel-linux-x86_64-debian-clang | 2.3.1 | 68.17 | 109.55 | 177.72 | NOTE | |
r-devel-linux-x86_64-debian-gcc | 2.3.1 | 54.86 | 80.57 | 135.43 | NOTE | |
r-devel-linux-x86_64-fedora-clang | 2.3.1 | 246.72 | NOTE | |||
r-devel-linux-x86_64-fedora-gcc | 2.3.1 | 232.29 | NOTE | |||
r-devel-windows-x86_64 | 2.3.1 | 70.00 | 153.00 | 223.00 | NOTE | |
r-patched-linux-x86_64 | 2.3.1 | 62.24 | 106.15 | 168.39 | NOTE | |
r-release-linux-x86_64 | 2.3.1 | 65.41 | 106.39 | 171.80 | NOTE | |
r-release-macos-arm64 | 2.3.1 | 58.00 | NOTE | |||
r-release-macos-x86_64 | 2.3.1 | 77.00 | NOTE | |||
r-release-windows-x86_64 | 2.3.1 | 75.00 | 152.00 | 227.00 | NOTE | |
r-oldrel-macos-arm64 | 2.3.1 | 63.00 | NOTE | |||
r-oldrel-macos-x86_64 | 2.3.1 | 106.00 | NOTE | |||
r-oldrel-windows-ix86+x86_64 | 2.3.1 | 181.00 | 179.00 | 360.00 | NOTE |
Version: 2.3.1
Check: for GNU extensions in Makefiles
Result: NOTE
GNU make is a SystemRequirements.
Flavors: r-devel-linux-x86_64-debian-clang, r-devel-linux-x86_64-debian-gcc, r-devel-linux-x86_64-fedora-clang, r-devel-linux-x86_64-fedora-gcc, r-devel-windows-x86_64, r-patched-linux-x86_64, r-release-linux-x86_64, r-release-macos-arm64, r-release-macos-x86_64, r-release-windows-x86_64, r-oldrel-macos-arm64, r-oldrel-macos-x86_64, r-oldrel-windows-ix86+x86_64
Version: 2.3.1
Check: installed package size
Result: NOTE
installed size is 5.5Mb
sub-directories of 1Mb or more:
doc 1.8Mb
extdata 1.9Mb
libs 1.6Mb
Flavors: r-devel-linux-x86_64-fedora-clang, r-release-macos-arm64, r-release-macos-x86_64, r-oldrel-macos-arm64, r-oldrel-macos-x86_64, r-oldrel-windows-ix86+x86_64