Last updated on 2024-04-23 01:56:54 CEST.
Flavor | Version | Tinstall | Tcheck | Ttotal | Status | Flags |
---|---|---|---|---|---|---|
r-devel-linux-x86_64-debian-clang | 1.9.1 | 4.13 | 51.08 | 55.21 | NOTE | |
r-devel-linux-x86_64-debian-gcc | 1.9.1 | 3.51 | 38.08 | 41.59 | NOTE | |
r-devel-linux-x86_64-fedora-clang | 1.9.1 | 70.06 | NOTE | |||
r-devel-linux-x86_64-fedora-gcc | 1.9.1 | 66.15 | NOTE | |||
r-prerel-macos-arm64 | 1.9.1 | 25.00 | NOTE | |||
r-prerel-windows-x86_64 | 1.9.1 | 4.00 | 64.00 | 68.00 | NOTE | |
r-patched-linux-x86_64 | 1.9.1 | 4.98 | 47.86 | 52.84 | NOTE | |
r-release-linux-x86_64 | 1.9.1 | 4.66 | 49.83 | 54.49 | NOTE | |
r-release-macos-arm64 | 1.9.1 | 27.00 | NOTE | |||
r-release-macos-x86_64 | 1.9.1 | 39.00 | NOTE | |||
r-release-windows-x86_64 | 1.9.1 | 5.00 | 71.00 | 76.00 | NOTE | |
r-oldrel-macos-arm64 | 1.9.1 | 27.00 | OK | |||
r-oldrel-windows-x86_64 | 1.9.1 | 6.00 | 72.00 | 78.00 | NOTE |
Version: 1.9.1
Check: package dependencies
Result: NOTE
Package suggested but not available for checking: ‘ffbase’
Flavors: r-devel-linux-x86_64-debian-clang, r-devel-linux-x86_64-debian-gcc, r-devel-linux-x86_64-fedora-clang, r-devel-linux-x86_64-fedora-gcc, r-prerel-macos-arm64, r-prerel-windows-x86_64, r-patched-linux-x86_64, r-release-linux-x86_64, r-release-macos-arm64, r-release-macos-x86_64, r-release-windows-x86_64, r-oldrel-windows-x86_64