CRAN Package Check Results for Package bigtime

Last updated on 2022-07-01 01:49:26 CEST.

Flavor Version Tinstall Tcheck Ttotal Status Flags
r-devel-linux-x86_64-debian-clang 0.2.1 71.83 65.38 137.21 OK
r-devel-linux-x86_64-debian-gcc 0.2.1 59.64 48.92 108.56 OK
r-devel-linux-x86_64-fedora-clang 0.2.1 203.99 OK
r-devel-linux-x86_64-fedora-gcc 0.2.1 187.16 OK
r-devel-windows-x86_64 0.2.1 147.00 115.00 262.00 OK
r-patched-linux-x86_64 0.2.1 63.72 63.76 127.48 OK
r-release-linux-x86_64 0.2.1 65.26 61.96 127.22 OK
r-release-macos-arm64 0.2.1 54.00 NOTE
r-release-macos-x86_64 0.2.1 86.00 NOTE
r-release-windows-x86_64 0.2.1 96.00 117.00 213.00 OK
r-oldrel-macos-arm64 0.2.1 55.00 NOTE
r-oldrel-macos-x86_64 0.2.1 74.00 NOTE
r-oldrel-windows-ix86+x86_64 0.2.1 178.00 132.00 310.00 OK

Check Details

Version: 0.2.1
Check: installed package size
Result: NOTE
     installed size is 6.6Mb
     sub-directories of 1Mb or more:
     help 1.5Mb
     libs 4.8Mb
Flavors: r-release-macos-arm64, r-release-macos-x86_64, r-oldrel-macos-arm64, r-oldrel-macos-x86_64