CRAN Package Check Results for Package bigtime

Last updated on 2025-10-22 01:51:19 CEST.

Flavor Version Tinstall Tcheck Ttotal Status Flags
r-devel-linux-x86_64-debian-clang 0.2.3 51.72 55.03 106.75 NOTE
r-devel-linux-x86_64-debian-gcc 0.2.3 30.62 39.81 70.43 NOTE
r-devel-linux-x86_64-fedora-clang 0.2.3 133.00 55.90 188.90 OK
r-devel-linux-x86_64-fedora-gcc 0.2.3 67.00 100.71 167.71 OK
r-devel-windows-x86_64 0.2.3 58.00 92.00 150.00 OK
r-patched-linux-x86_64 0.2.3 47.87 52.43 100.30 OK
r-release-linux-x86_64 0.2.3 49.66 52.19 101.85 OK
r-release-macos-arm64 0.2.3 18.00 25.00 43.00 OK
r-release-macos-x86_64 0.2.3 34.00 60.00 94.00 OK
r-release-windows-x86_64 0.2.3 61.00 93.00 154.00 OK
r-oldrel-macos-arm64 0.2.3 19.00 25.00 44.00 NOTE
r-oldrel-macos-x86_64 0.2.3 19.00 35.00 54.00 NOTE
r-oldrel-windows-x86_64 0.2.3 69.00 115.00 184.00 OK

Check Details

Version: 0.2.3
Check: HTML version of manual
Result: NOTE Found the following HTML validation problems: diagnostics_plot.bigtime.VAR.html:56:1 (diagnostics_plot.bigtime.VAR.Rd:15): Warning: missing </ul> before </div> diagnostics_plot.bigtime.VARMA.html:56:1 (diagnostics_plot.bigtime.VARMA.Rd:15): Warning: missing </ul> before </div> diagnostics_plot.bigtime.VARX.html:56:1 (diagnostics_plot.bigtime.VARX.Rd:15): Warning: missing </ul> before </div> dot-diagnostics_plot.html:66:1 (dot-diagnostics_plot.Rd:20): Warning: missing </ul> before </div> dot-get_ic_vals.html:54:1 (dot-get_ic_vals.Rd:14): Warning: missing </ul> before </div> plot_cv.html:51:1 (plot_cv.Rd:13): Warning: missing </ul> before </div> Flavors: r-devel-linux-x86_64-debian-clang, r-devel-linux-x86_64-debian-gcc

Version: 0.2.3
Check: installed package size
Result: NOTE installed size is 5.6Mb sub-directories of 1Mb or more: libs 4.6Mb Flavors: r-oldrel-macos-arm64, r-oldrel-macos-x86_64