Last updated on 2025-05-09 01:49:59 CEST.
Flavor | Version | Tinstall | Tcheck | Ttotal | Status | Flags |
---|---|---|---|---|---|---|
r-devel-linux-x86_64-debian-clang | 1.3.1 | 73.18 | 152.77 | 225.95 | OK | |
r-devel-linux-x86_64-debian-gcc | 1.3.1 | 45.12 | 96.96 | 142.08 | OK | |
r-devel-linux-x86_64-fedora-clang | 1.3.1 | 361.59 | OK | |||
r-devel-linux-x86_64-fedora-gcc | 1.3.1 | 369.86 | OK | |||
r-devel-windows-x86_64 | 1.3.1 | 69.00 | 176.00 | 245.00 | OK | |
r-patched-linux-x86_64 | 1.3.1 | 66.80 | 141.15 | 207.95 | OK | |
r-release-linux-x86_64 | 1.3.1 | 59.40 | 143.03 | 202.43 | OK | |
r-release-macos-arm64 | 1.3.1 | 100.00 | OK | |||
r-release-macos-x86_64 | 1.3.1 | 163.00 | OK | |||
r-release-windows-x86_64 | 1.3.1 | 70.00 | 177.00 | 247.00 | OK | |
r-oldrel-macos-arm64 | 1.3.1 | 87.00 | NOTE | |||
r-oldrel-macos-x86_64 | 1.3.1 | 135.00 | NOTE | |||
r-oldrel-windows-x86_64 | 1.3.1 | 87.00 | 220.00 | 307.00 | OK |
Version: 1.3.1
Check: installed package size
Result: NOTE
installed size is 5.7Mb
sub-directories of 1Mb or more:
libs 4.6Mb
Flavors: r-oldrel-macos-arm64, r-oldrel-macos-x86_64