Last updated on 2022-07-01 01:49:26 CEST.
Flavor | Version | Tinstall | Tcheck | Ttotal | Status | Flags |
---|---|---|---|---|---|---|
r-devel-linux-x86_64-debian-clang | 3.6.0 | 11.79 | 116.95 | 128.74 | OK | |
r-devel-linux-x86_64-debian-gcc | 3.6.0 | 11.07 | 88.60 | 99.67 | OK | |
r-devel-linux-x86_64-fedora-clang | 3.6.0 | 176.39 | NOTE | |||
r-devel-linux-x86_64-fedora-gcc | 3.6.0 | 179.22 | NOTE | |||
r-devel-windows-x86_64 | 3.6.0 | 158.00 | 156.00 | 314.00 | OK | |
r-patched-linux-x86_64 | 3.6.0 | 14.64 | 112.00 | 126.64 | OK | |
r-release-linux-x86_64 | 3.6.0 | 15.51 | 113.05 | 128.56 | OK | |
r-release-macos-arm64 | 3.6.0 | 50.00 | NOTE | |||
r-release-macos-x86_64 | 3.6.0 | 90.00 | NOTE | |||
r-release-windows-x86_64 | 3.6.0 | 239.00 | 163.00 | 402.00 | OK | |
r-oldrel-macos-arm64 | 3.6.0 | 45.00 | NOTE | |||
r-oldrel-macos-x86_64 | 3.6.0 | 70.00 | NOTE | |||
r-oldrel-windows-ix86+x86_64 | 3.6.0 | 31.00 | 156.00 | 187.00 | OK |
Version: 3.6.0
Check: dependencies in R code
Result: NOTE
Namespace in Imports field not imported from: ‘pkgload’
All declared Imports should be used.
Flavors: r-devel-linux-x86_64-fedora-clang, r-devel-linux-x86_64-fedora-gcc, r-release-macos-arm64, r-release-macos-x86_64, r-oldrel-macos-arm64, r-oldrel-macos-x86_64