Last updated on 2025-07-24 02:52:06 CEST.
Flavor | Version | Tinstall | Tcheck | Ttotal | Status | Flags |
---|---|---|---|---|---|---|
r-devel-linux-x86_64-debian-clang | 1.4.3 | 16.41 | 127.12 | 143.53 | NOTE | |
r-devel-linux-x86_64-debian-gcc | 1.4.3 | 10.73 | 88.06 | 98.79 | NOTE | |
r-devel-linux-x86_64-fedora-clang | 1.4.3 | 227.83 | OK | |||
r-devel-linux-x86_64-fedora-gcc | 1.4.3 | 215.84 | OK | |||
r-devel-windows-x86_64 | 1.4.3 | 18.00 | 158.00 | 176.00 | NOTE | |
r-patched-linux-x86_64 | 1.4.3 | 18.33 | 121.91 | 140.24 | NOTE | |
r-release-linux-x86_64 | 1.4.3 | 15.48 | 121.75 | 137.23 | NOTE | |
r-release-macos-arm64 | 1.4.3 | 74.00 | OK | |||
r-release-macos-x86_64 | 1.4.3 | 127.00 | OK | |||
r-release-windows-x86_64 | 1.4.3 | 16.00 | 155.00 | 171.00 | NOTE | |
r-oldrel-macos-arm64 | 1.4.3 | 60.00 | OK | |||
r-oldrel-macos-x86_64 | 1.4.3 | 102.00 | OK | |||
r-oldrel-windows-x86_64 | 1.4.3 | 23.00 | 200.00 | 223.00 | OK |
Version: 1.4.3
Check: Rd cross-references
Result: NOTE
Found the following Rd file(s) with Rd \link{} targets missing package
anchors:
bilat.Rd: intersect.owin
Please provide package anchors for all Rd \link{} targets not in the
package itself and the base packages.
Flavors: r-devel-linux-x86_64-debian-clang, r-devel-linux-x86_64-debian-gcc, r-devel-windows-x86_64, r-patched-linux-x86_64, r-release-linux-x86_64, r-release-windows-x86_64