Last updated on 2022-07-06 01:50:19 CEST.
Flavor | Version | Tinstall | Tcheck | Ttotal | Status | Flags |
---|---|---|---|---|---|---|
r-devel-linux-x86_64-debian-clang | 1.6.3 | 5.24 | 79.22 | 84.46 | OK | |
r-devel-linux-x86_64-debian-gcc | 1.6.3 | 4.02 | 57.62 | 61.64 | OK | |
r-devel-linux-x86_64-fedora-clang | 1.6.3 | 108.15 | NOTE | |||
r-devel-linux-x86_64-fedora-gcc | 1.6.3 | 107.69 | OK | |||
r-devel-windows-x86_64 | 1.6.3 | 39.00 | 114.00 | 153.00 | OK | |
r-patched-linux-x86_64 | 1.6.3 | 5.01 | 71.72 | 76.73 | OK | |
r-release-linux-x86_64 | 1.6.3 | 4.76 | 71.71 | 76.47 | OK | |
r-release-macos-arm64 | 1.6.3 | 33.00 | OK | |||
r-release-macos-x86_64 | 1.6.3 | 48.00 | OK | |||
r-release-windows-x86_64 | 1.6.3 | 48.00 | 114.00 | 162.00 | OK | |
r-oldrel-macos-arm64 | 1.6.3 | 40.00 | OK | |||
r-oldrel-macos-x86_64 | 1.6.3 | 55.00 | OK | |||
r-oldrel-windows-ix86+x86_64 | 1.6.3 | 11.00 | 102.00 | 113.00 | OK |
Version: 1.6.3
Check: Rd cross-references
Result: NOTE
Undeclared package ‘seqinr’ in Rd xrefs
Flavor: r-devel-linux-x86_64-fedora-clang