Last updated on 2023-05-29 01:56:46 CEST.
Flavor | Version | Tinstall | Tcheck | Ttotal | Status | Flags |
---|---|---|---|---|---|---|
r-devel-linux-x86_64-debian-clang | 1.1.2 | 21.15 | 226.57 | 247.72 | NOTE | |
r-devel-linux-x86_64-debian-gcc | 1.1.2 | 14.76 | 171.49 | 186.25 | NOTE | |
r-devel-linux-x86_64-fedora-clang | 1.1.2 | 310.08 | NOTE | |||
r-devel-linux-x86_64-fedora-gcc | 1.1.2 | 291.82 | NOTE | |||
r-devel-windows-x86_64 | 1.1.2 | 17.00 | 147.00 | 164.00 | NOTE | |
r-patched-linux-x86_64 | 1.1.2 | 19.70 | 214.16 | 233.86 | NOTE | |
r-release-linux-x86_64 | 1.1.2 | 16.42 | 213.51 | 229.93 | NOTE | |
r-release-macos-arm64 | 1.1.2 | 78.00 | NOTE | |||
r-release-macos-x86_64 | 1.1.2 | 124.00 | NOTE | |||
r-release-windows-x86_64 | 1.1.2 | 22.00 | 194.00 | 216.00 | NOTE | |
r-oldrel-macos-arm64 | 1.1.2 | 71.00 | NOTE | |||
r-oldrel-macos-x86_64 | 1.1.2 | 92.00 | NOTE | |||
r-oldrel-windows-x86_64 | 1.1.2 | 22.00 | 188.00 | 210.00 | NOTE |
Version: 1.1.2
Check: package dependencies
Result: NOTE
Package which this enhances but not available for checking: ‘asreml’
Flavors: r-devel-linux-x86_64-debian-clang, r-devel-linux-x86_64-debian-gcc, r-devel-linux-x86_64-fedora-clang, r-devel-linux-x86_64-fedora-gcc, r-devel-windows-x86_64, r-patched-linux-x86_64, r-release-linux-x86_64, r-release-macos-arm64, r-release-windows-x86_64, r-oldrel-macos-arm64, r-oldrel-macos-x86_64, r-oldrel-windows-x86_64
Version: 1.1.2
Check: package dependencies
Result: NOTE
Packages which this enhances but not available for checking:
'asreml', 'ARTool'
Flavor: r-release-macos-x86_64