CRAN Package Check Results for Package biwt

Last updated on 2025-07-24 02:52:06 CEST.

Flavor Version Tinstall Tcheck Ttotal Status Flags
r-devel-linux-x86_64-debian-clang 1.0.1 2.42 23.16 25.58 NOTE
r-devel-linux-x86_64-debian-gcc 1.0.1 1.87 19.01 20.88 NOTE
r-devel-linux-x86_64-fedora-clang 1.0.1 38.59 OK
r-devel-linux-x86_64-fedora-gcc 1.0.1 37.23 OK
r-devel-windows-x86_64 1.0.1 3.00 42.00 45.00 OK
r-patched-linux-x86_64 1.0.1 2.53 21.71 24.24 OK
r-release-linux-x86_64 1.0.1 2.24 21.93 24.17 OK
r-release-macos-arm64 1.0.1 25.00 OK
r-release-macos-x86_64 1.0.1 30.00 OK
r-release-windows-x86_64 1.0.1 3.00 48.00 51.00 OK
r-oldrel-macos-arm64 1.0.1 17.00 OK
r-oldrel-macos-x86_64 1.0.1 26.00 OK
r-oldrel-windows-x86_64 1.0.1 3.00 46.00 49.00 OK

Check Details

Version: 1.0.1
Check: CRAN incoming feasibility
Result: NOTE Maintainer: ‘Jo Hardin <jo.hardin@pomona.edu>’ No Authors@R field in DESCRIPTION. Please add one, modifying Authors@R: person(given = "Jo", family = "Hardin", role = c("aut", "cre"), email = "jo.hardin@pomona.edu") as necessary. Flavors: r-devel-linux-x86_64-debian-clang, r-devel-linux-x86_64-debian-gcc