Last updated on 2024-03-29 01:51:00 CET.
Flavor | Version | Tinstall | Tcheck | Ttotal | Status | Flags |
---|---|---|---|---|---|---|
r-devel-linux-x86_64-debian-clang | 1.0.16 | 6.19 | 90.73 | 96.92 | NOTE | |
r-devel-linux-x86_64-debian-gcc | 1.0.16 | 4.12 | 65.82 | 69.94 | OK | |
r-devel-linux-x86_64-fedora-clang | 1.0.16 | 115.21 | NOTE | |||
r-devel-linux-x86_64-fedora-gcc | 1.0.16 | 129.06 | OK | |||
r-devel-windows-x86_64 | 1.0.16 | 13.00 | 142.00 | 155.00 | OK | |
r-patched-linux-x86_64 | 1.0.16 | 7.19 | 88.58 | 95.77 | OK | |
r-release-linux-x86_64 | 1.0.16 | 4.36 | 86.27 | 90.63 | OK | |
r-release-macos-arm64 | 1.0.16 | 52.00 | OK | |||
r-release-macos-x86_64 | 1.0.16 | 160.00 | OK | |||
r-release-windows-x86_64 | 1.0.16 | 11.00 | 163.00 | 174.00 | OK | |
r-oldrel-macos-arm64 | 1.0.16 | 49.00 | OK | |||
r-oldrel-windows-x86_64 | 1.0.16 | 12.00 | 158.00 | 170.00 | OK |
Version: 1.0.16
Check: package dependencies
Result: NOTE
Package suggested but not available for checking: ‘RQuantLib’
Flavors: r-devel-linux-x86_64-debian-clang, r-devel-linux-x86_64-fedora-clang