Last updated on 2024-04-18 01:55:05 CEST.
Flavor | Version | Tinstall | Tcheck | Ttotal | Status | Flags |
---|---|---|---|---|---|---|
r-devel-linux-x86_64-debian-clang | 1.0.7 | 63.51 | 27.93 | 91.44 | OK | |
r-devel-linux-x86_64-debian-gcc | 1.0.7 | 48.58 | 21.17 | 69.75 | OK | |
r-devel-linux-x86_64-fedora-clang | 1.0.7 | 132.74 | OK | |||
r-devel-linux-x86_64-fedora-gcc | 1.0.7 | 133.02 | OK | |||
r-prerel-macos-arm64 | 1.0.7 | 38.00 | NOTE | |||
r-prerel-windows-x86_64 | 1.0.7 | 47.00 | 76.00 | 123.00 | OK | |
r-patched-linux-x86_64 | 1.0.7 | 56.27 | 26.56 | 82.83 | OK | |
r-release-linux-x86_64 | 1.0.7 | 55.91 | 26.72 | 82.63 | OK | |
r-release-macos-arm64 | 1.0.7 | 35.00 | NOTE | |||
r-release-macos-x86_64 | 1.0.7 | 71.00 | NOTE | |||
r-release-windows-x86_64 | 1.0.7 | 50.00 | 75.00 | 125.00 | OK | |
r-oldrel-macos-arm64 | 1.0.7 | 37.00 | NOTE | |||
r-oldrel-windows-x86_64 | 1.0.7 | 52.00 | 68.00 | 120.00 | OK |
Version: 1.0.7
Check: installed package size
Result: NOTE
installed size is 6.6Mb
sub-directories of 1Mb or more:
libs 6.5Mb
Flavors: r-prerel-macos-arm64, r-release-macos-arm64, r-release-macos-x86_64, r-oldrel-macos-arm64