CRAN Package Check Results for Package blastula

Last updated on 2022-05-20 01:51:00 CEST.

Flavor Version Tinstall Tcheck Ttotal Status Flags
r-devel-linux-x86_64-debian-clang 0.3.2 5.06 81.39 86.45 NOTE
r-devel-linux-x86_64-debian-gcc 0.3.2 4.33 63.07 67.40 NOTE
r-devel-linux-x86_64-fedora-clang 0.3.2 102.35 NOTE
r-devel-linux-x86_64-fedora-gcc 0.3.2 99.04 NOTE
r-devel-windows-x86_64 0.3.2 145.00 119.00 264.00 NOTE
r-patched-linux-x86_64 0.3.2 4.47 76.92 81.39 NOTE
r-release-linux-x86_64 0.3.2 5.96 77.85 83.81 NOTE
r-release-macos-arm64 0.3.2 32.00 NOTE
r-release-macos-x86_64 0.3.2 64.00 NOTE
r-release-windows-x86_64 0.3.2 122.00 124.00 246.00 NOTE
r-oldrel-macos-arm64 0.3.2 41.00 NOTE
r-oldrel-macos-x86_64 0.3.2 62.00 NOTE
r-oldrel-windows-ix86+x86_64 0.3.2 13.00 105.00 118.00 NOTE

Check Details

Version: 0.3.2
Check: LazyData
Result: NOTE
     'LazyData' is specified without a 'data' directory
Flavors: r-devel-linux-x86_64-debian-clang, r-devel-linux-x86_64-debian-gcc, r-devel-linux-x86_64-fedora-clang, r-devel-linux-x86_64-fedora-gcc, r-devel-windows-x86_64, r-patched-linux-x86_64, r-release-linux-x86_64, r-release-macos-arm64, r-release-macos-x86_64, r-release-windows-x86_64, r-oldrel-macos-arm64, r-oldrel-macos-x86_64, r-oldrel-windows-ix86+x86_64