Last updated on 2025-11-25 02:50:19 CET.
| Flavor | Version | Tinstall | Tcheck | Ttotal | Status | Flags |
|---|---|---|---|---|---|---|
| r-devel-linux-x86_64-debian-clang | 3.2-0 | 17.50 | 199.01 | 216.51 | OK | |
| r-devel-linux-x86_64-debian-gcc | 3.2-0 | 11.98 | 92.95 | 104.93 | ERROR | |
| r-devel-linux-x86_64-fedora-clang | 3.2-0 | 54.00 | 204.43 | 258.43 | ERROR | |
| r-devel-linux-x86_64-fedora-gcc | 3.2-0 | 51.00 | 209.73 | 260.73 | ERROR | |
| r-devel-windows-x86_64 | 3.2-0 | 29.00 | 216.00 | 245.00 | OK | |
| r-patched-linux-x86_64 | 3.2-0 | 17.83 | 191.27 | 209.10 | OK | |
| r-release-linux-x86_64 | 3.2-0 | 16.74 | 192.55 | 209.29 | OK | |
| r-release-macos-arm64 | 3.2-0 | OK | ||||
| r-release-macos-x86_64 | 3.2-0 | 13.00 | 192.00 | 205.00 | OK | |
| r-release-windows-x86_64 | 3.2-0 | 25.00 | 214.00 | 239.00 | OK | |
| r-oldrel-macos-arm64 | 3.2-0 | OK | ||||
| r-oldrel-macos-x86_64 | 3.2-0 | 11.00 | 193.00 | 204.00 | OK | |
| r-oldrel-windows-x86_64 | 3.2-0 | 30.00 | 279.00 | 309.00 | OK |
Version: 3.2-0
Check: re-building of vignette outputs
Result: ERROR
Error(s) in re-building vignettes:
...
--- re-building ‘tutorial_1.Rmd’ using rmarkdown
Quitting from tutorial_1.Rmd:70-81 [unnamed-chunk-3]
~~~~~~~~~~~~~~~~~~~~~~~~~~~~~~~~~~~~~~~~~~~~~~~~~~~~~~~~~~~~~~~~~~~~~~~~~~~~~~~~
<error/rlang_error>
Error in `library()`:
! there is no package called 'tmap'
---
Backtrace:
▆
1. └─base::library(tmap)
~~~~~~~~~~~~~~~~~~~~~~~~~~~~~~~~~~~~~~~~~~~~~~~~~~~~~~~~~~~~~~~~~~~~~~~~~~~~~~~~
Error: processing vignette 'tutorial_1.Rmd' failed with diagnostics:
there is no package called 'tmap'
--- failed re-building ‘tutorial_1.Rmd’
--- re-building ‘tutorial_2.Rmd’ using rmarkdown
Quitting from tutorial_2.Rmd:39-50 [unnamed-chunk-2]
~~~~~~~~~~~~~~~~~~~~~~~~~~~~~~~~~~~~~~~~~~~~~~~~~~~~~~~~~~~~~~~~~~~~~~~~~~~~~~~~
<error/rlang_error>
Error in `library()`:
! there is no package called 'tmap'
---
Backtrace:
▆
1. └─base::library(tmap)
~~~~~~~~~~~~~~~~~~~~~~~~~~~~~~~~~~~~~~~~~~~~~~~~~~~~~~~~~~~~~~~~~~~~~~~~~~~~~~~~
Error: processing vignette 'tutorial_2.Rmd' failed with diagnostics:
there is no package called 'tmap'
--- failed re-building ‘tutorial_2.Rmd’
SUMMARY: processing the following files failed:
‘tutorial_1.Rmd’ ‘tutorial_2.Rmd’
Error: Vignette re-building failed.
Execution halted
Flavor: r-devel-linux-x86_64-debian-gcc
Version: 3.2-0
Check: re-building of vignette outputs
Result: ERROR
Error(s) in re-building vignettes:
--- re-building ‘tutorial_1.Rmd’ using rmarkdown
Quitting from tutorial_1.Rmd:70-81 [unnamed-chunk-3]
~~~~~~~~~~~~~~~~~~~~~~~~~~~~~~~~~~~~~~~~~~~~~~~~~~~~~~~~~~~~~~~~~~~~~~~~~~~~~~~~
<error/rlang_error>
Error in `library()`:
! there is no package called 'tmap'
---
Backtrace:
▆
1. └─base::library(tmap)
~~~~~~~~~~~~~~~~~~~~~~~~~~~~~~~~~~~~~~~~~~~~~~~~~~~~~~~~~~~~~~~~~~~~~~~~~~~~~~~~
Error: processing vignette 'tutorial_1.Rmd' failed with diagnostics:
there is no package called 'tmap'
--- failed re-building ‘tutorial_1.Rmd’
--- re-building ‘tutorial_2.Rmd’ using rmarkdown
Quitting from tutorial_2.Rmd:39-50 [unnamed-chunk-2]
~~~~~~~~~~~~~~~~~~~~~~~~~~~~~~~~~~~~~~~~~~~~~~~~~~~~~~~~~~~~~~~~~~~~~~~~~~~~~~~~
<error/rlang_error>
Error in `library()`:
! there is no package called 'tmap'
---
Backtrace:
▆
1. └─base::library(tmap)
~~~~~~~~~~~~~~~~~~~~~~~~~~~~~~~~~~~~~~~~~~~~~~~~~~~~~~~~~~~~~~~~~~~~~~~~~~~~~~~~
Error: processing vignette 'tutorial_2.Rmd' failed with diagnostics:
there is no package called 'tmap'
--- failed re-building ‘tutorial_2.Rmd’
SUMMARY: processing the following files failed:
‘tutorial_1.Rmd’ ‘tutorial_2.Rmd’
Error: Vignette re-building failed.
Execution halted
Flavors: r-devel-linux-x86_64-fedora-clang, r-devel-linux-x86_64-fedora-gcc