Last updated on 2024-04-20 01:49:51 CEST.
Flavor | Version | Tinstall | Tcheck | Ttotal | Status | Flags |
---|---|---|---|---|---|---|
r-devel-linux-x86_64-debian-clang | 2.0.0 | 1573.85 | 218.88 | 1792.73 | NOTE | |
r-devel-linux-x86_64-debian-gcc | 2.0.0 | NOTE | ||||
r-devel-linux-x86_64-fedora-clang | 2.0.0 | 2050.56 | NOTE | |||
r-devel-linux-x86_64-fedora-gcc | 2.0.0 | 2878.47 | NOTE | |||
r-prerel-macos-arm64 | 2.0.0 | 538.00 | NOTE | |||
r-prerel-windows-x86_64 | 2.0.0 | 1077.00 | 250.00 | 1327.00 | NOTE | |
r-patched-linux-x86_64 | 2.0.0 | 1055.58 | 302.55 | 1358.13 | NOTE | |
r-release-linux-x86_64 | 2.0.0 | 1187.78 | 310.48 | 1498.26 | NOTE | |
r-release-macos-arm64 | 2.0.0 | 840.00 | NOTE | |||
r-release-macos-x86_64 | 2.0.0 | 949.00 | NOTE | |||
r-release-windows-x86_64 | 2.0.0 | 1453.00 | 338.00 | 1791.00 | NOTE | |
r-oldrel-macos-arm64 | 2.0.0 | 694.00 | NOTE | |||
r-oldrel-windows-x86_64 | 2.0.0 | 1396.00 | 292.00 | 1688.00 | NOTE |
Version: 2.0.0
Check: Rd files
Result: NOTE
checkRd: (-1) dot-pred_array_to_df.Rd:20: Lost braces; missing escapes or markup?
20 | Helper function for as.data.frame.{fitted, forecast}. Converts predictive array to data.frame.
| ^
Flavors: r-devel-linux-x86_64-debian-clang, r-devel-linux-x86_64-debian-gcc, r-devel-linux-x86_64-fedora-clang, r-devel-linux-x86_64-fedora-gcc, r-prerel-macos-arm64, r-prerel-windows-x86_64, r-patched-linux-x86_64
Version: 2.0.0
Check: for GNU extensions in Makefiles
Result: NOTE
GNU make is a SystemRequirements.
Flavors: r-devel-linux-x86_64-debian-clang, r-devel-linux-x86_64-debian-gcc, r-devel-linux-x86_64-fedora-clang, r-devel-linux-x86_64-fedora-gcc, r-prerel-macos-arm64, r-prerel-windows-x86_64, r-patched-linux-x86_64, r-release-linux-x86_64, r-release-macos-arm64, r-release-macos-x86_64, r-release-windows-x86_64, r-oldrel-macos-arm64, r-oldrel-windows-x86_64
Version: 2.0.0
Check: installed package size
Result: NOTE
installed size is 13.0Mb
sub-directories of 1Mb or more:
libs 12.2Mb
Flavors: r-devel-linux-x86_64-fedora-clang, r-prerel-macos-arm64, r-prerel-windows-x86_64, r-release-macos-arm64, r-release-macos-x86_64, r-release-windows-x86_64, r-oldrel-macos-arm64, r-oldrel-windows-x86_64