Last updated on 2024-04-17 01:49:39 CEST.
Flavor | Version | Tinstall | Tcheck | Ttotal | Status | Flags |
---|---|---|---|---|---|---|
r-devel-linux-x86_64-debian-clang | 0.7.9 | 640.91 | 695.48 | 1336.39 | NOTE | |
r-devel-linux-x86_64-debian-gcc | 0.7.9 | 543.11 | 524.79 | 1067.90 | NOTE | |
r-devel-linux-x86_64-fedora-clang | 0.7.9 | 1706.89 | NOTE | |||
r-devel-linux-x86_64-fedora-gcc | 0.7.9 | 1975.44 | NOTE | |||
r-prerel-macos-arm64 | 0.7.9 | 388.00 | NOTE | |||
r-prerel-windows-x86_64 | 0.7.9 | 434.00 | 466.00 | 900.00 | NOTE | |
r-patched-linux-x86_64 | 0.7.9 | 696.79 | 703.46 | 1400.25 | NOTE | |
r-release-linux-x86_64 | 0.7.9 | 656.51 | 708.46 | 1364.97 | NOTE | |
r-release-macos-arm64 | 0.7.9 | 265.00 | NOTE | |||
r-release-macos-x86_64 | 0.7.9 | 354.00 | NOTE | |||
r-release-windows-x86_64 | 0.7.9 | 546.00 | 638.00 | 1184.00 | NOTE | |
r-oldrel-macos-arm64 | 0.7.9 | 242.00 | NOTE | |||
r-oldrel-windows-x86_64 | 0.7.9 | 527.00 | 579.00 | 1106.00 | NOTE |
Version: 0.7.9
Check: package dependencies
Result: NOTE
Package suggested but not available for checking: ‘INLA’
Flavors: r-devel-linux-x86_64-debian-clang, r-devel-linux-x86_64-debian-gcc, r-prerel-macos-arm64, r-patched-linux-x86_64, r-release-linux-x86_64, r-release-macos-arm64, r-release-macos-x86_64, r-release-windows-x86_64, r-oldrel-macos-arm64, r-oldrel-windows-x86_64
Version: 0.7.9
Check: for GNU extensions in Makefiles
Result: NOTE
GNU make is a SystemRequirements.
Flavors: r-devel-linux-x86_64-debian-clang, r-devel-linux-x86_64-debian-gcc, r-devel-linux-x86_64-fedora-clang, r-devel-linux-x86_64-fedora-gcc, r-prerel-macos-arm64, r-prerel-windows-x86_64, r-patched-linux-x86_64, r-release-linux-x86_64, r-release-macos-arm64, r-release-macos-x86_64, r-release-windows-x86_64, r-oldrel-macos-arm64, r-oldrel-windows-x86_64
Version: 0.7.9
Check: installed package size
Result: NOTE
installed size is 9.2Mb
sub-directories of 1Mb or more:
libs 5.9Mb
Flavors: r-devel-linux-x86_64-fedora-clang, r-prerel-macos-arm64, r-prerel-windows-x86_64, r-release-macos-arm64, r-release-macos-x86_64, r-release-windows-x86_64, r-oldrel-macos-arm64, r-oldrel-windows-x86_64