CRAN Package Check Results for Package bndovb

Last updated on 2022-08-19 01:49:57 CEST.

Flavor Version Tinstall Tcheck Ttotal Status Flags
r-devel-linux-x86_64-debian-clang 1.1 11.26 102.29 113.55 OK
r-devel-linux-x86_64-debian-gcc 1.1 8.45 77.33 85.78 OK
r-devel-linux-x86_64-fedora-clang 1.1 149.79 NOTE
r-devel-linux-x86_64-fedora-gcc 1.1 152.36 NOTE
r-devel-windows-x86_64 1.1 18.00 123.00 141.00 OK
r-patched-linux-x86_64 1.1 11.96 96.69 108.65 OK
r-release-linux-x86_64 1.1 OK
r-release-macos-arm64 1.1 62.00 NOTE
r-release-macos-x86_64 1.1 69.00 NOTE
r-release-windows-x86_64 1.1 17.00 126.00 143.00 OK
r-oldrel-macos-arm64 1.1 40.00 NOTE
r-oldrel-macos-x86_64 1.1 57.00 NOTE
r-oldrel-windows-ix86+x86_64 1.1 23.00 119.00 142.00 OK

Check Details

Version: 1.1
Check: dependencies in R code
Result: NOTE
    Namespace in Imports field not imported from: ‘dplyr’
     All declared Imports should be used.
Flavors: r-devel-linux-x86_64-fedora-clang, r-devel-linux-x86_64-fedora-gcc, r-release-macos-arm64, r-release-macos-x86_64, r-oldrel-macos-arm64, r-oldrel-macos-x86_64