Last updated on 2025-04-30 02:50:33 CEST.
Flavor | Version | Tinstall | Tcheck | Ttotal | Status | Flags |
---|---|---|---|---|---|---|
r-devel-linux-x86_64-debian-clang | 0.1.5 | 17.48 | 71.81 | 89.29 | NOTE | |
r-devel-linux-x86_64-debian-gcc | 0.1.5 | 12.30 | 49.84 | 62.14 | NOTE | |
r-devel-linux-x86_64-fedora-clang | 0.1.5 | 151.51 | OK | |||
r-devel-linux-x86_64-fedora-gcc | 0.1.5 | 140.40 | OK | |||
r-devel-windows-x86_64 | 0.1.5 | 21.00 | 90.00 | 111.00 | OK | |
r-patched-linux-x86_64 | 0.1.5 | 16.63 | 65.62 | 82.25 | OK | |
r-release-linux-x86_64 | 0.1.5 | 16.19 | 65.29 | 81.48 | OK | |
r-release-macos-arm64 | 0.1.5 | 43.00 | OK | |||
r-release-macos-x86_64 | 0.1.5 | 77.00 | OK | |||
r-release-windows-x86_64 | 0.1.5 | 22.00 | 92.00 | 114.00 | OK | |
r-oldrel-macos-arm64 | 0.1.5 | 43.00 | OK | |||
r-oldrel-macos-x86_64 | 0.1.5 | 59.00 | OK | |||
r-oldrel-windows-x86_64 | 0.1.5 | 25.00 | 116.00 | 141.00 | OK |
Version: 0.1.5
Check: CRAN incoming feasibility
Result: NOTE
Maintainer: ‘Marvin N. Wright <marv@wrig.de>’
No Authors@R field in DESCRIPTION.
Please add one, modifying
Authors@R: person(given = c("Marvin", "N."),
family = "Wright",
role = c("aut", "cre"),
email = "marv@wrig.de")
as necessary.
Flavors: r-devel-linux-x86_64-debian-clang, r-devel-linux-x86_64-debian-gcc