Last updated on 2022-06-30 01:49:03 CEST.
Flavor | Version | Tinstall | Tcheck | Ttotal | Status | Flags |
---|---|---|---|---|---|---|
r-devel-linux-x86_64-debian-clang | 1.0.12 | 18.64 | 115.80 | 134.44 | OK | |
r-devel-linux-x86_64-debian-gcc | 1.0.12 | 13.89 | 91.49 | 105.38 | OK | |
r-devel-linux-x86_64-fedora-clang | 1.0.12 | 176.34 | OK | |||
r-devel-linux-x86_64-fedora-gcc | 1.0.12 | 181.69 | OK | |||
r-devel-windows-x86_64 | 1.0.12 | 162.00 | 182.00 | 344.00 | OK | |
r-patched-linux-x86_64 | 1.0.12 | 20.43 | 116.84 | 137.27 | OK | |
r-release-linux-x86_64 | 1.0.12 | 20.22 | 115.74 | 135.96 | OK | |
r-release-macos-arm64 | 1.0.12 | 62.00 | NOTE | |||
r-release-macos-x86_64 | 1.0.12 | 75.00 | OK | |||
r-release-windows-x86_64 | 1.0.12 | 130.00 | 174.00 | 304.00 | OK | |
r-oldrel-macos-arm64 | 1.0.12 | 57.00 | OK | |||
r-oldrel-macos-x86_64 | 1.0.12 | 79.00 | OK | |||
r-oldrel-windows-ix86+x86_64 | 1.0.12 | 35.00 | 178.00 | 213.00 | OK |
Version: 1.0.12
Check: package dependencies
Result: NOTE
Packages suggested but not available for checking: 'graph', 'Rgraphviz'
Flavor: r-release-macos-arm64