CRAN Package Check Results for Package bnviewer

Last updated on 2022-06-27 01:49:46 CEST.

Flavor Version Tinstall Tcheck Ttotal Status Flags
r-devel-linux-x86_64-debian-clang 0.1.6 2.67 44.32 46.99 NOTE
r-devel-linux-x86_64-debian-gcc 0.1.6 3.32 34.54 37.86 NOTE
r-devel-linux-x86_64-fedora-clang 0.1.6 69.18 NOTE
r-devel-linux-x86_64-fedora-gcc 0.1.6 66.96 NOTE
r-devel-windows-x86_64 0.1.6 10.00 73.00 83.00 NOTE
r-patched-linux-x86_64 0.1.6 4.24 42.06 46.30 NOTE
r-release-linux-x86_64 0.1.6 2.70 42.87 45.57 NOTE
r-release-macos-arm64 0.1.6 25.00 NOTE
r-release-macos-x86_64 0.1.6 41.00 NOTE
r-release-windows-x86_64 0.1.6 12.00 78.00 90.00 NOTE
r-oldrel-macos-arm64 0.1.6 29.00 NOTE
r-oldrel-macos-x86_64 0.1.6 38.00 NOTE
r-oldrel-windows-ix86+x86_64 0.1.6 10.00 64.00 74.00 NOTE

Check Details

Version: 0.1.6
Check: LazyData
Result: NOTE
     'LazyData' is specified without a 'data' directory
Flavors: r-devel-linux-x86_64-debian-clang, r-devel-linux-x86_64-debian-gcc, r-devel-linux-x86_64-fedora-clang, r-devel-linux-x86_64-fedora-gcc, r-devel-windows-x86_64, r-patched-linux-x86_64, r-release-linux-x86_64, r-release-macos-arm64, r-release-macos-x86_64, r-release-windows-x86_64, r-oldrel-macos-arm64, r-oldrel-macos-x86_64, r-oldrel-windows-ix86+x86_64

Version: 0.1.6
Check: dependencies in R code
Result: NOTE
    Namespaces in Imports field not imported from:
     ‘caret’ ‘e1071’
     All declared Imports should be used.
Flavors: r-devel-linux-x86_64-fedora-clang, r-devel-linux-x86_64-fedora-gcc, r-release-macos-arm64, r-release-macos-x86_64, r-oldrel-macos-arm64, r-oldrel-macos-x86_64