CRAN Package Check Results for Package bold

Last updated on 2022-07-04 02:53:26 CEST.

Flavor Version Tinstall Tcheck Ttotal Status Flags
r-devel-linux-x86_64-debian-clang 1.2.0 5.21 69.49 74.70 OK
r-devel-linux-x86_64-debian-gcc 1.2.0 3.67 54.58 58.25 OK
r-devel-linux-x86_64-fedora-clang 1.2.0 99.96 OK
r-devel-linux-x86_64-fedora-gcc 1.2.0 97.64 OK
r-devel-windows-x86_64 1.2.0 25.00 108.00 133.00 OK
r-patched-linux-x86_64 1.2.0 3.62 68.17 71.79 OK
r-release-linux-x86_64 1.2.0 3.60 67.64 71.24 OK
r-release-macos-arm64 1.2.0 29.00 NOTE
r-release-macos-x86_64 1.2.0 43.00 NOTE
r-release-windows-x86_64 1.2.0 35.00 113.00 148.00 OK
r-oldrel-macos-arm64 1.2.0 37.00 NOTE
r-oldrel-macos-x86_64 1.2.0 46.00 NOTE
r-oldrel-windows-ix86+x86_64 1.2.0 10.00 99.00 109.00 OK

Check Details

Version: 1.2.0
Check: package dependencies
Result: NOTE
    Package suggested but not available for checking: ‘sangerseqR’
Flavors: r-release-macos-arm64, r-release-macos-x86_64, r-oldrel-macos-arm64, r-oldrel-macos-x86_64