Last updated on 2024-04-19 01:58:37 CEST.
Flavor | Version | Tinstall | Tcheck | Ttotal | Status | Flags |
---|---|---|---|---|---|---|
r-devel-linux-x86_64-debian-clang | 1.3.0 | 7.48 | 71.76 | 79.24 | OK | |
r-devel-linux-x86_64-debian-gcc | 1.3.0 | 4.92 | 54.10 | 59.02 | OK | |
r-devel-linux-x86_64-fedora-clang | 1.3.0 | 84.45 | NOTE | |||
r-devel-linux-x86_64-fedora-gcc | 1.3.0 | 83.16 | NOTE | |||
r-prerel-macos-arm64 | 1.3.0 | 30.00 | NOTE | |||
r-prerel-windows-x86_64 | 1.3.0 | 6.00 | 74.00 | 80.00 | OK | |
r-patched-linux-x86_64 | 1.3.0 | 7.30 | 69.29 | 76.59 | OK | |
r-release-linux-x86_64 | 1.3.0 | 5.83 | 70.01 | 75.84 | OK | |
r-release-macos-arm64 | 1.3.0 | 29.00 | NOTE | |||
r-release-macos-x86_64 | 1.3.0 | 58.00 | NOTE | |||
r-release-windows-x86_64 | 1.3.0 | 8.00 | 89.00 | 97.00 | OK | |
r-oldrel-macos-arm64 | 1.3.0 | 35.00 | NOTE | |||
r-oldrel-windows-x86_64 | 1.3.0 | 8.00 | 91.00 | 99.00 | OK |
Version: 1.3.0
Check: package dependencies
Result: NOTE
Package suggested but not available for checking: ‘sangerseqR’
Flavors: r-devel-linux-x86_64-fedora-clang, r-devel-linux-x86_64-fedora-gcc, r-prerel-macos-arm64, r-release-macos-arm64, r-release-macos-x86_64, r-oldrel-macos-arm64