CRAN Package Check Results for Package bootGOF

Last updated on 2023-06-03 01:51:13 CEST.

Flavor Version Tinstall Tcheck Ttotal Status Flags
r-devel-linux-x86_64-debian-clang 0.1.0 14.17 41.93 56.10 OK
r-devel-linux-x86_64-debian-gcc 0.1.0 9.60 32.47 42.07 OK
r-devel-linux-x86_64-fedora-clang 0.1.0 71.18 NOTE
r-devel-linux-x86_64-fedora-gcc 0.1.0 79.90 NOTE
r-devel-windows-x86_64 0.1.0 9.00 57.00 66.00 OK
r-patched-linux-x86_64 0.1.0 OK
r-release-linux-x86_64 0.1.0 13.24 40.45 53.69 OK
r-release-macos-arm64 0.1.0 34.00 OK
r-release-macos-x86_64 0.1.0 52.00 OK
r-release-windows-x86_64 0.1.0 10.00 61.00 71.00 OK
r-oldrel-macos-arm64 0.1.0 27.00 OK
r-oldrel-macos-x86_64 0.1.0 34.00 NOTE
r-oldrel-windows-x86_64 0.1.0 16.00 63.00 79.00 OK

Check Details

Version: 0.1.0
Check: dependencies in R code
Result: NOTE
    Namespace in Imports field not imported from: ‘R6’
     All declared Imports should be used.
Flavors: r-devel-linux-x86_64-fedora-clang, r-devel-linux-x86_64-fedora-gcc, r-oldrel-macos-x86_64