Last updated on 2024-05-03 01:51:14 CEST.
Flavor | Version | Tinstall | Tcheck | Ttotal | Status | Flags |
---|---|---|---|---|---|---|
r-devel-linux-x86_64-debian-clang | 1.0 | 2.98 | 59.57 | 62.55 | OK | |
r-devel-linux-x86_64-debian-gcc | 1.0 | 2.54 | 44.51 | 47.05 | OK | |
r-devel-linux-x86_64-fedora-clang | 1.0 | 89.46 | OK | |||
r-devel-linux-x86_64-fedora-gcc | 1.0 | 91.05 | OK | |||
r-devel-windows-x86_64 | 1.0 | 5.00 | 110.00 | 115.00 | OK | |
r-patched-linux-x86_64 | 1.0 | 5.12 | 56.78 | 61.90 | OK | |
r-release-linux-x86_64 | 1.0 | 0.35 | 2.34 | 2.69 | ERROR | |
r-release-macos-arm64 | 1.0 | 48.00 | OK | |||
r-release-windows-x86_64 | 1.0 | 5.00 | 107.00 | 112.00 | OK | |
r-oldrel-macos-arm64 | 1.0 | 46.00 | OK | |||
r-oldrel-macos-x86_64 | 1.0 | 79.00 | OK | |||
r-oldrel-windows-x86_64 | 1.0 | 5.00 | 129.00 | 134.00 | OK |
Version: 1.0
Check: package dependencies
Result: ERROR
Package required but not available: ‘fbst’
See section ‘The DESCRIPTION file’ in the ‘Writing R Extensions’
manual.
Flavor: r-release-linux-x86_64