Last updated on 2024-04-24 01:52:05 CEST.
Flavor | Version | Tinstall | Tcheck | Ttotal | Status | Flags |
---|---|---|---|---|---|---|
r-devel-linux-x86_64-debian-clang | 0.8.7 | 15.18 | 217.43 | 232.61 | OK | |
r-devel-linux-x86_64-debian-gcc | 0.8.7 | 10.51 | 163.61 | 174.12 | OK | |
r-devel-linux-x86_64-fedora-clang | 0.8.7 | 288.53 | NOTE | |||
r-devel-linux-x86_64-fedora-gcc | 0.8.7 | 291.51 | OK | |||
r-prerel-macos-arm64 | 0.8.7 | 84.00 | OK | |||
r-prerel-macos-x86_64 | 0.8.7 | 196.00 | OK | |||
r-prerel-windows-x86_64 | 0.8.7 | 13.00 | 169.00 | 182.00 | OK | |
r-patched-linux-x86_64 | 0.8.7 | 14.33 | 211.21 | 225.54 | OK | |
r-release-linux-x86_64 | 0.8.7 | 9.61 | 214.03 | 223.64 | OK | |
r-release-macos-arm64 | 0.8.7 | 90.00 | OK | |||
r-release-macos-x86_64 | 0.8.7 | 207.00 | OK | |||
r-release-windows-x86_64 | 0.8.7 | 18.00 | 221.00 | 239.00 | OK | |
r-oldrel-macos-arm64 | 0.8.7 | 82.00 | OK | |||
r-oldrel-windows-x86_64 | 0.8.7 | 17.00 | 220.00 | 237.00 | OK |
Version: 0.8.7
Check: Rd cross-references
Result: NOTE
Undeclared package ‘generics’ in Rd xrefs
Flavor: r-devel-linux-x86_64-fedora-clang