Last updated on 2024-08-16 01:48:14 CEST.
Flavor | Version | Tinstall | Tcheck | Ttotal | Status | Flags |
---|---|---|---|---|---|---|
r-devel-linux-x86_64-debian-clang | 0.8.5 | 133.72 | 143.06 | 276.78 | NOTE | |
r-devel-linux-x86_64-debian-gcc | 0.8.5 | 123.18 | 113.47 | 236.65 | NOTE | |
r-devel-linux-x86_64-fedora-clang | 0.8.5 | 457.73 | NOTE | |||
r-devel-linux-x86_64-fedora-gcc | 0.8.5 | 544.82 | NOTE | |||
r-devel-windows-x86_64 | 0.8.5 | 129.00 | 175.00 | 304.00 | NOTE | |
r-patched-linux-x86_64 | 0.8.5 | 164.80 | 150.43 | 315.23 | NOTE | |
r-release-linux-x86_64 | 0.8.5 | 148.15 | 151.36 | 299.51 | NOTE | |
r-release-macos-arm64 | 0.8.5 | 121.00 | NOTE | |||
r-release-macos-x86_64 | 0.8.5 | 162.00 | NOTE | |||
r-release-windows-x86_64 | 0.8.5 | 135.00 | 170.00 | 305.00 | NOTE | |
r-oldrel-macos-arm64 | 0.8.5 | 105.00 | NOTE | |||
r-oldrel-macos-x86_64 | 0.8.5 | 213.00 | NOTE | |||
r-oldrel-windows-x86_64 | 0.8.5 | 176.00 | 217.00 | 393.00 | NOTE |
Version: 0.8.5
Check: for GNU extensions in Makefiles
Result: NOTE
GNU make is a SystemRequirements.
Flavors: r-devel-linux-x86_64-debian-clang, r-devel-linux-x86_64-debian-gcc, r-devel-linux-x86_64-fedora-clang, r-devel-linux-x86_64-fedora-gcc, r-devel-windows-x86_64, r-patched-linux-x86_64, r-release-linux-x86_64, r-release-macos-arm64, r-release-macos-x86_64, r-release-windows-x86_64, r-oldrel-macos-arm64, r-oldrel-macos-x86_64, r-oldrel-windows-x86_64
Version: 0.8.5
Check: installed package size
Result: NOTE
installed size is 45.2Mb
sub-directories of 1Mb or more:
libs 44.9Mb
Flavors: r-release-macos-arm64, r-release-macos-x86_64, r-oldrel-macos-arm64, r-oldrel-macos-x86_64