CRAN Package Check Results for Package bridgesampling

Last updated on 2022-06-28 01:51:27 CEST.

Flavor Version Tinstall Tcheck Ttotal Status Flags
r-devel-linux-x86_64-debian-clang 1.1-2 11.08 241.34 252.42 OK
r-devel-linux-x86_64-debian-gcc 1.1-2 7.85 184.76 192.61 OK
r-devel-linux-x86_64-fedora-clang 1.1-2 300.59 OK
r-devel-linux-x86_64-fedora-gcc 1.1-2 314.40 OK
r-devel-windows-x86_64 1.1-2 91.00 216.00 307.00 OK
r-patched-linux-x86_64 1.1-2 12.63 231.45 244.08 OK
r-release-linux-x86_64 1.1-2 10.22 236.71 246.93 OK
r-release-macos-arm64 1.1-2 77.00 OK
r-release-macos-x86_64 1.1-2 111.00 NOTE
r-release-windows-x86_64 1.1-2 96.00 206.00 302.00 OK
r-oldrel-macos-arm64 1.1-2 81.00 OK
r-oldrel-macos-x86_64 1.1-2 167.00 OK
r-oldrel-windows-ix86+x86_64 1.1-2 22.00 220.00 242.00 OK

Check Details

Version: 1.1-2
Check: package dependencies
Result: NOTE
    Packages suggested but not available for checking:
     'R2jags', 'rjags', 'runjags'
Flavor: r-release-macos-x86_64